CRAN Package Check Results for Package RGoogleFit

Last updated on 2021-10-27 10:09:57 CEST.

Flavor Version Tinstall Tcheck Ttotal Status Flags
r-devel-linux-x86_64-debian-clang 0.4.0 3.31 30.72 34.03 NOTE
r-devel-linux-x86_64-debian-gcc 0.4.0 2.45 23.98 26.43 NOTE
r-devel-linux-x86_64-fedora-clang 0.4.0 50.56 NOTE
r-devel-linux-x86_64-fedora-gcc 0.4.0 40.45 NOTE
r-devel-windows-x86_64 0.4.0 5.00 41.00 46.00 NOTE
r-devel-windows-x86_64-gcc10-UCRT 0.4.0 NOTE
r-patched-linux-x86_64 0.4.0 3.29 29.44 32.73 NOTE
r-patched-solaris-x86 0.4.0 64.50 NOTE
r-release-linux-x86_64 0.4.0 2.81 29.18 31.99 NOTE
r-release-macos-arm64 0.4.0 NOTE
r-release-macos-x86_64 0.4.0 NOTE
r-release-windows-ix86+x86_64 0.4.0 6.00 47.00 53.00 NOTE
r-oldrel-macos-x86_64 0.4.0 OK
r-oldrel-windows-ix86+x86_64 0.4.0 7.00 48.00 55.00 OK

Check Details

Version: 0.4.0
Check: LazyData
Result: NOTE
     'LazyData' is specified without a 'data' directory
Flavors: r-devel-linux-x86_64-debian-clang, r-devel-linux-x86_64-debian-gcc, r-devel-linux-x86_64-fedora-clang, r-devel-linux-x86_64-fedora-gcc, r-devel-windows-x86_64, r-devel-windows-x86_64-gcc10-UCRT, r-patched-linux-x86_64, r-patched-solaris-x86, r-release-linux-x86_64, r-release-macos-arm64, r-release-macos-x86_64, r-release-windows-ix86+x86_64