CRAN Package Check Results for Package RGoogleAnalytics

Last updated on 2021-09-19 09:50:38 CEST.

Flavor Version Tinstall Tcheck Ttotal Status Flags
r-devel-linux-x86_64-debian-clang 0.1.6 4.57 41.99 46.56 OK
r-devel-linux-x86_64-debian-gcc 0.1.6 3.60 31.84 35.44 OK
r-devel-linux-x86_64-fedora-clang 0.1.6 64.66 OK
r-devel-linux-x86_64-fedora-gcc 0.1.6 53.12 OK
r-devel-windows-x86_64 0.1.6 5.00 55.00 60.00 OK
r-devel-windows-x86_64-gcc10-UCRT 0.1.6 ERROR
r-patched-linux-x86_64 0.1.6 4.20 40.18 44.38 OK
r-patched-solaris-x86 0.1.6 77.00 OK
r-release-linux-x86_64 0.1.6 4.14 39.82 43.96 OK
r-release-macos-arm64 0.1.6 OK
r-release-macos-x86_64 0.1.6 OK
r-release-windows-ix86+x86_64 0.1.6 10.00 61.00 71.00 OK
r-oldrel-macos-x86_64 0.1.6 OK
r-oldrel-windows-ix86+x86_64 0.1.6 9.00 46.00 55.00 OK

Check Details

Version: 0.1.6
Check: whether package can be installed
Result: WARN
    Found the following significant warnings:
     WARNING: installation-time patches will not be applied, could not get the patches index
Flavor: r-devel-windows-x86_64-gcc10-UCRT

Version: 0.1.6
Check: PDF version of manual
Result: WARN
    LaTeX errors when creating PDF version.
    This typically indicates Rd problems.
Flavor: r-devel-windows-x86_64-gcc10-UCRT

Version: 0.1.6
Check: PDF version of manual without hyperrefs or index
Result: ERROR
    Re-running with no redirection of stdout/stderr.
Flavor: r-devel-windows-x86_64-gcc10-UCRT