CRAN Package Check Results for Package REREFACT

Last updated on 2021-10-24 10:04:18 CEST.

Flavor Version Tinstall Tcheck Ttotal Status Flags
r-devel-linux-x86_64-debian-clang 1.0 9.04 76.49 85.53 NOTE
r-devel-linux-x86_64-debian-gcc 1.0 7.35 58.26 65.61 NOTE
r-devel-linux-x86_64-fedora-clang 1.0 121.08 NOTE
r-devel-linux-x86_64-fedora-gcc 1.0 103.33 NOTE
r-devel-windows-x86_64 1.0 12.00 81.00 93.00 OK
r-devel-windows-x86_64-gcc10-UCRT 1.0 OK
r-patched-linux-x86_64 1.0 9.09 74.75 83.84 NOTE
r-patched-solaris-x86 1.0 146.50 NOTE
r-release-linux-x86_64 1.0 8.07 74.63 82.70 NOTE
r-release-macos-arm64 1.0 OK
r-release-macos-x86_64 1.0 OK
r-release-windows-ix86+x86_64 1.0 14.00 97.00 111.00 OK
r-oldrel-macos-x86_64 1.0 OK
r-oldrel-windows-ix86+x86_64 1.0 19.00 104.00 123.00 OK

Check Details

Version: 1.0
Check: for non-standard things in the check directory
Result: NOTE
    Found the following files/directories:
     'P.csv' 'correct_alpha.csv' 'correct_beta.csv' 'correct_gamma.csv'
     'correct_lambda.csv' 'correct_perm_list.csv' 'correct_psi.csv'
Flavors: r-devel-linux-x86_64-debian-clang, r-devel-linux-x86_64-debian-gcc, r-devel-linux-x86_64-fedora-clang, r-devel-linux-x86_64-fedora-gcc, r-patched-linux-x86_64, r-patched-solaris-x86, r-release-linux-x86_64