CRAN Package Check Results for Package RDSTK

Last updated on 2021-10-22 09:53:16 CEST.

Flavor Version Tinstall Tcheck Ttotal Status Flags
r-devel-linux-x86_64-debian-clang 1.1 3.41 30.92 34.33 NOTE
r-devel-linux-x86_64-debian-gcc 1.1 2.39 25.02 27.41 NOTE
r-devel-linux-x86_64-fedora-clang 1.1 51.68 NOTE
r-devel-linux-x86_64-fedora-gcc 1.1 40.97 NOTE
r-devel-windows-x86_64 1.1 5.00 55.00 60.00 NOTE
r-devel-windows-x86_64-gcc10-UCRT 1.1 NOTE
r-patched-linux-x86_64 1.1 5.91 30.19 36.10 NOTE
r-patched-solaris-x86 1.1 65.80 NOTE
r-release-linux-x86_64 1.1 3.32 30.35 33.67 NOTE
r-release-macos-arm64 1.1 NOTE
r-release-macos-x86_64 1.1 NOTE
r-release-windows-ix86+x86_64 1.1 6.00 50.00 56.00 NOTE
r-oldrel-macos-x86_64 1.1 NOTE
r-oldrel-windows-ix86+x86_64 1.1 8.00 53.00 61.00 NOTE

Check Details

Version: 1.1
Check: R code for possible problems
Result: NOTE
    ip2coordinates: no visible global function definition for 'URLencode'
    street2coordinates: no visible global function definition for
     'URLencode'
    Undefined global functions or variables:
     URLencode
    Consider adding
     importFrom("utils", "URLencode")
    to your NAMESPACE file.
Flavors: r-devel-linux-x86_64-debian-clang, r-devel-linux-x86_64-debian-gcc, r-devel-linux-x86_64-fedora-clang, r-devel-linux-x86_64-fedora-gcc, r-devel-windows-x86_64, r-devel-windows-x86_64-gcc10-UCRT, r-patched-linux-x86_64, r-patched-solaris-x86, r-release-linux-x86_64, r-release-macos-arm64, r-release-macos-x86_64, r-release-windows-ix86+x86_64, r-oldrel-macos-x86_64, r-oldrel-windows-ix86+x86_64