CRAN Package Check Results for Package RDML

Last updated on 2021-07-25 09:50:31 CEST.

Flavor Version Tinstall Tcheck Ttotal Status Flags
r-devel-linux-x86_64-debian-clang 1.0 32.50 61.83 94.33 NOTE
r-devel-linux-x86_64-debian-gcc 1.0 29.10 46.48 75.58 NOTE
r-devel-linux-x86_64-fedora-clang 1.0 127.70 NOTE
r-devel-linux-x86_64-fedora-gcc 1.0 118.82 NOTE
r-devel-windows-x86_64 1.0 36.00 63.00 99.00 NOTE
r-devel-windows-x86_64-gcc10-UCRT 1.0 NOTE
r-patched-linux-x86_64 1.0 37.38 57.42 94.80 NOTE
r-patched-solaris-x86 1.0 143.70 NOTE
r-release-linux-x86_64 1.0 32.38 58.08 90.46 NOTE
r-release-macos-arm64 1.0 NOTE
r-release-macos-x86_64 1.0 NOTE
r-release-windows-ix86+x86_64 1.0 57.00 59.00 116.00 NOTE
r-oldrel-macos-x86_64 1.0 OK
r-oldrel-windows-ix86+x86_64 1.0 58.00 80.00 138.00 OK

Check Details

Version: 1.0
Check: LazyData
Result: NOTE
     'LazyData' is specified without a 'data' directory
Flavors: r-devel-linux-x86_64-debian-clang, r-devel-linux-x86_64-debian-gcc, r-devel-linux-x86_64-fedora-clang, r-devel-linux-x86_64-fedora-gcc, r-devel-windows-x86_64, r-devel-windows-x86_64-gcc10-UCRT, r-patched-linux-x86_64, r-patched-solaris-x86, r-release-linux-x86_64, r-release-macos-arm64, r-release-macos-x86_64, r-release-windows-ix86+x86_64