Last updated on 2024-03-28 10:49:45 CET.
Flavor | Version | Tinstall | Tcheck | Ttotal | Status | Flags |
---|---|---|---|---|---|---|
r-devel-linux-x86_64-debian-clang | 1.0 | 44.42 | 66.63 | 111.05 | NOTE | |
r-devel-linux-x86_64-debian-gcc | 1.0 | 30.81 | 50.44 | 81.25 | NOTE | |
r-devel-linux-x86_64-fedora-clang | 1.0 | 133.28 | NOTE | |||
r-devel-linux-x86_64-fedora-gcc | 1.0 | 129.92 | NOTE | |||
r-devel-windows-x86_64 | 1.0 | 31.00 | 74.00 | 105.00 | NOTE | |
r-patched-linux-x86_64 | 1.0 | 40.10 | 63.48 | 103.58 | NOTE | |
r-release-linux-x86_64 | 1.0 | 39.13 | 65.20 | 104.33 | NOTE | |
r-release-macos-arm64 | 1.0 | 39.00 | NOTE | |||
r-release-macos-x86_64 | 1.0 | 67.00 | NOTE | |||
r-release-windows-x86_64 | 1.0 | 41.00 | 87.00 | 128.00 | NOTE | |
r-oldrel-macos-arm64 | 1.0 | 35.00 | NOTE | |||
r-oldrel-windows-x86_64 | 1.0 | 43.00 | 82.00 | 125.00 | NOTE |
Version: 1.0
Check: LazyData
Result: NOTE
'LazyData' is specified without a 'data' directory
Flavors: r-devel-linux-x86_64-debian-clang, r-devel-linux-x86_64-debian-gcc, r-devel-linux-x86_64-fedora-clang, r-devel-linux-x86_64-fedora-gcc, r-devel-windows-x86_64, r-patched-linux-x86_64, r-release-linux-x86_64, r-release-macos-arm64, r-release-macos-x86_64, r-release-windows-x86_64, r-oldrel-macos-arm64, r-oldrel-windows-x86_64