CRAN Package Check Results for Package RBNZ

Last updated on 2021-10-21 09:55:03 CEST.

Flavor Version Tinstall Tcheck Ttotal Status Flags
r-devel-linux-x86_64-debian-clang 1.1.0 5.02 39.53 44.55 NOTE
r-devel-linux-x86_64-debian-gcc 1.1.0 3.95 31.24 35.19 NOTE
r-devel-linux-x86_64-fedora-clang 1.1.0 67.25 NOTE
r-devel-linux-x86_64-fedora-gcc 1.1.0 54.17 NOTE
r-devel-windows-x86_64 1.1.0 10.00 65.00 75.00 NOTE
r-devel-windows-x86_64-gcc10-UCRT 1.1.0 NOTE
r-patched-linux-x86_64 1.1.0 6.17 38.56 44.73 NOTE
r-patched-solaris-x86 1.1.0 79.10 NOTE
r-release-linux-x86_64 1.1.0 4.55 37.93 42.48 NOTE
r-release-macos-arm64 1.1.0 NOTE
r-release-macos-x86_64 1.1.0 NOTE
r-release-windows-ix86+x86_64 1.1.0 19.00 60.00 79.00 NOTE
r-oldrel-macos-x86_64 1.1.0 OK
r-oldrel-windows-ix86+x86_64 1.1.0 11.00 62.00 73.00 OK

Check Details

Version: 1.1.0
Check: LazyData
Result: NOTE
     'LazyData' is specified without a 'data' directory
Flavors: r-devel-linux-x86_64-debian-clang, r-devel-linux-x86_64-debian-gcc, r-devel-linux-x86_64-fedora-clang, r-devel-linux-x86_64-fedora-gcc, r-devel-windows-x86_64, r-devel-windows-x86_64-gcc10-UCRT, r-patched-linux-x86_64, r-patched-solaris-x86, r-release-linux-x86_64, r-release-macos-arm64, r-release-macos-x86_64, r-release-windows-ix86+x86_64