CRAN Package Check Results for Package R2SWF

Last updated on 2021-10-18 09:54:54 CEST.

Flavor Version Tinstall Tcheck Ttotal Status Flags
r-devel-linux-x86_64-debian-clang 0.9-6 22.02 30.23 52.25 OK
r-devel-linux-x86_64-debian-gcc 0.9-6 16.34 23.55 39.89 OK
r-devel-linux-x86_64-fedora-clang 0.9-6 75.76 OK
r-devel-linux-x86_64-fedora-gcc 0.9-6 64.71 OK
r-devel-windows-x86_64 0.9-6 37.00 58.00 95.00 OK
r-devel-windows-x86_64-gcc10-UCRT 0.9-6 OK
r-patched-linux-x86_64 0.9-6 19.09 29.16 48.25 OK
r-patched-solaris-x86 0.9-6 86.90 OK
r-release-linux-x86_64 0.9-6 19.65 29.16 48.81 OK
r-release-macos-arm64 0.9-6 NOTE
r-release-macos-x86_64 0.9-6 NOTE
r-release-windows-ix86+x86_64 0.9-6 51.00 64.00 115.00 OK
r-oldrel-macos-x86_64 0.9-6 NOTE
r-oldrel-windows-ix86+x86_64 0.9-6 72.00 65.00 137.00 OK

Check Details

Version: 0.9-6
Check: installed package size
Result: NOTE
     installed size is 17.5Mb
     sub-directories of 1Mb or more:
     libs 17.4Mb
Flavors: r-release-macos-arm64, r-release-macos-x86_64, r-oldrel-macos-x86_64