CRAN Package Check Results for Package QFASA

Last updated on 2021-10-22 09:53:15 CEST.

Flavor Version Tinstall Tcheck Ttotal Status Flags
r-devel-linux-x86_64-debian-clang 1.1.1 181.45 87.78 269.23 OK
r-devel-linux-x86_64-debian-gcc 1.1.1 167.23 66.44 233.67 OK
r-devel-linux-x86_64-fedora-clang 1.1.1 432.38 NOTE
r-devel-linux-x86_64-fedora-gcc 1.1.1 415.38 OK
r-devel-windows-x86_64 1.1.1 198.00 138.00 336.00 NOTE
r-devel-windows-x86_64-gcc10-UCRT 1.1.1 OK
r-patched-linux-x86_64 1.1.1 194.04 88.43 282.47 OK
r-patched-solaris-x86 1.1.1 288.00 OK
r-release-linux-x86_64 1.1.1 185.26 87.12 272.38 OK
r-release-macos-arm64 1.1.1 NOTE
r-release-macos-x86_64 1.1.1 NOTE
r-release-windows-ix86+x86_64 1.1.1 197.00 141.00 338.00 NOTE
r-oldrel-macos-x86_64 1.1.1 NOTE
r-oldrel-windows-ix86+x86_64 1.1.1 204.00 135.00 339.00 NOTE

Check Details

Version: 1.1.1
Check: installed package size
Result: NOTE
     installed size is 53.6Mb
     sub-directories of 1Mb or more:
     libs 53.0Mb
Flavors: r-devel-linux-x86_64-fedora-clang, r-devel-windows-x86_64, r-release-macos-arm64, r-release-macos-x86_64, r-release-windows-ix86+x86_64, r-oldrel-macos-x86_64, r-oldrel-windows-ix86+x86_64