CRAN Package Check Results for Package QCSimulator

Last updated on 2021-08-01 09:50:36 CEST.

Flavor Version Tinstall Tcheck Ttotal Status Flags
r-devel-linux-x86_64-debian-clang 0.0.1 5.15 54.07 59.22 NOTE
r-devel-linux-x86_64-debian-gcc 0.0.1 4.49 40.95 45.44 NOTE
r-devel-linux-x86_64-fedora-clang 0.0.1 81.45 NOTE
r-devel-linux-x86_64-fedora-gcc 0.0.1 67.25 NOTE
r-devel-windows-x86_64 0.0.1 8.00 75.00 83.00 NOTE
r-devel-windows-x86_64-gcc10-UCRT 0.0.1 NOTE
r-patched-linux-x86_64 0.0.1 NOTE
r-patched-solaris-x86 0.0.1 94.50 NOTE
r-release-linux-x86_64 0.0.1 5.40 50.31 55.71 NOTE
r-release-macos-arm64 0.0.1 NOTE
r-release-macos-x86_64 0.0.1 NOTE
r-release-windows-ix86+x86_64 0.0.1 14.00 59.00 73.00 NOTE
r-oldrel-macos-x86_64 0.0.1 OK
r-oldrel-windows-ix86+x86_64 0.0.1 12.00 77.00 89.00 OK

Check Details

Version: 0.0.1
Check: LazyData
Result: NOTE
     'LazyData' is specified without a 'data' directory
Flavors: r-devel-linux-x86_64-debian-clang, r-devel-linux-x86_64-debian-gcc, r-devel-linux-x86_64-fedora-clang, r-devel-linux-x86_64-fedora-gcc, r-devel-windows-x86_64, r-devel-windows-x86_64-gcc10-UCRT, r-patched-linux-x86_64, r-patched-solaris-x86, r-release-linux-x86_64, r-release-macos-arm64, r-release-macos-x86_64, r-release-windows-ix86+x86_64