CRAN Package Check Results for Package QBAsyDist

Last updated on 2021-10-20 09:55:18 CEST.

Flavor Version Tinstall Tcheck Ttotal Status Flags
r-devel-linux-x86_64-debian-clang 0.1.2 12.51 97.89 110.40 NOTE
r-devel-linux-x86_64-debian-gcc 0.1.2 10.36 75.69 86.05 NOTE
r-devel-linux-x86_64-fedora-clang 0.1.2 148.10 NOTE
r-devel-linux-x86_64-fedora-gcc 0.1.2 132.95 NOTE
r-devel-windows-x86_64 0.1.2 21.00 123.00 144.00 OK
r-devel-windows-x86_64-gcc10-UCRT 0.1.2 NOTE
r-patched-linux-x86_64 0.1.2 13.32 95.47 108.79 NOTE
r-patched-solaris-x86 0.1.2 188.60 NOTE
r-release-linux-x86_64 0.1.2 14.01 95.56 109.57 NOTE
r-release-macos-arm64 0.1.2 OK
r-release-macos-x86_64 0.1.2 OK
r-release-windows-ix86+x86_64 0.1.2 19.00 122.00 141.00 OK
r-oldrel-macos-x86_64 0.1.2 OK
r-oldrel-windows-ix86+x86_64 0.1.2 26.00 123.00 149.00 OK

Check Details

Version: 0.1.2
Check: Rd cross-references
Result: NOTE
    Unknown package 'HURDAT' in Rd xrefs
Flavors: r-devel-linux-x86_64-debian-clang, r-devel-linux-x86_64-debian-gcc, r-devel-linux-x86_64-fedora-gcc, r-devel-windows-x86_64-gcc10-UCRT, r-patched-linux-x86_64, r-patched-solaris-x86, r-release-linux-x86_64

Version: 0.1.2
Check: Rd cross-references
Result: NOTE
    Undeclared package ‘HURDAT’ in Rd xrefs
    Unknown package ‘HURDAT’ in Rd xrefs
Flavor: r-devel-linux-x86_64-fedora-clang