CRAN Package Check Results for Package Q7

Last updated on 2021-10-18 09:54:54 CEST.

Flavor Version Tinstall Tcheck Ttotal Status Flags
r-devel-linux-x86_64-debian-clang 0.1.0 2.29 25.28 27.57 NOTE
r-devel-linux-x86_64-debian-gcc 0.1.0 1.69 20.19 21.88 NOTE
r-devel-linux-x86_64-fedora-clang 0.1.0 44.52 NOTE
r-devel-linux-x86_64-fedora-gcc 0.1.0 33.02 NOTE
r-devel-windows-x86_64 0.1.0 4.00 45.00 49.00 NOTE
r-devel-windows-x86_64-gcc10-UCRT 0.1.0 NOTE
r-patched-linux-x86_64 0.1.0 2.28 24.13 26.41 NOTE
r-patched-solaris-x86 0.1.0 50.50 NOTE
r-release-linux-x86_64 0.1.0 2.19 24.38 26.57 NOTE
r-release-macos-arm64 0.1.0 NOTE
r-release-macos-x86_64 0.1.0 NOTE
r-release-windows-ix86+x86_64 0.1.0 5.00 45.00 50.00 NOTE
r-oldrel-macos-x86_64 0.1.0 OK
r-oldrel-windows-ix86+x86_64 0.1.0 6.00 41.00 47.00 OK

Check Details

Version: 0.1.0
Check: LazyData
Result: NOTE
     'LazyData' is specified without a 'data' directory
Flavors: r-devel-linux-x86_64-debian-clang, r-devel-linux-x86_64-debian-gcc, r-devel-linux-x86_64-fedora-clang, r-devel-linux-x86_64-fedora-gcc, r-devel-windows-x86_64, r-devel-windows-x86_64-gcc10-UCRT, r-patched-linux-x86_64, r-patched-solaris-x86, r-release-linux-x86_64, r-release-macos-arm64, r-release-macos-x86_64, r-release-windows-ix86+x86_64