CRAN Package Check Results for Package ProjectTemplate

Last updated on 2021-09-22 09:52:41 CEST.

Flavor Version Tinstall Tcheck Ttotal Status Flags
r-devel-linux-x86_64-debian-clang 0.10.2 4.87 58.46 63.33 OK
r-devel-linux-x86_64-debian-gcc 0.10.2 4.44 43.34 47.78 OK
r-devel-linux-x86_64-fedora-clang 0.10.2 84.54 OK
r-devel-linux-x86_64-fedora-gcc 0.10.2 71.49 OK
r-devel-windows-x86_64 0.10.2 7.00 86.00 93.00 OK
r-devel-windows-x86_64-gcc10-UCRT 0.10.2 ERROR
r-patched-linux-x86_64 0.10.2 5.50 54.60 60.10 OK
r-patched-solaris-x86 0.10.2 102.00 OK
r-release-linux-x86_64 0.10.2 5.34 55.75 61.09 OK
r-release-macos-arm64 0.10.2 NOTE
r-release-macos-x86_64 0.10.2 OK
r-release-windows-ix86+x86_64 0.10.2 11.00 110.00 121.00 OK
r-oldrel-macos-x86_64 0.10.2 OK
r-oldrel-windows-ix86+x86_64 0.10.2 8.00 81.00 89.00 OK

Check Details

Version: 0.10.2
Check: package dependencies
Result: NOTE
    Package suggested but not available for checking: 'qs'
Flavor: r-devel-windows-x86_64-gcc10-UCRT

Version: 0.10.2
Check: Rd cross-references
Result: NOTE
    Package unavailable to check Rd xrefs: 'qs'
Flavor: r-devel-windows-x86_64-gcc10-UCRT

Version: 0.10.2
Check: PDF version of manual
Result: WARN
    LaTeX errors when creating PDF version.
    This typically indicates Rd problems.
Flavor: r-devel-windows-x86_64-gcc10-UCRT

Version: 0.10.2
Check: PDF version of manual without hyperrefs or index
Result: ERROR
    Re-running with no redirection of stdout/stderr.
Flavor: r-devel-windows-x86_64-gcc10-UCRT

Version: 0.10.2
Check: package dependencies
Result: NOTE
    Package suggested but not available for checking: ‘RODBC’
Flavor: r-release-macos-arm64