Last updated on 2024-04-26 09:52:09 CEST.
Flavor | Version | Tinstall | Tcheck | Ttotal | Status | Flags |
---|---|---|---|---|---|---|
r-devel-linux-x86_64-debian-clang | 1.0.2 | 11.36 | 102.68 | 114.04 | NOTE | |
r-devel-linux-x86_64-debian-gcc | 1.0.2 | 7.95 | 75.51 | 83.46 | NOTE | |
r-devel-linux-x86_64-fedora-clang | 1.0.2 | 141.33 | NOTE | |||
r-devel-linux-x86_64-fedora-gcc | 1.0.2 | 167.34 | NOTE | |||
r-devel-windows-x86_64 | 1.0.2 | 11.00 | 94.00 | 105.00 | NOTE | |
r-patched-linux-x86_64 | 1.0.2 | 10.98 | 98.06 | 109.04 | NOTE | |
r-release-linux-x86_64 | 1.0.2 | 10.73 | 100.06 | 110.79 | NOTE | |
r-release-macos-arm64 | 1.0.2 | 45.00 | NOTE | |||
r-release-windows-x86_64 | 1.0.2 | 10.00 | 93.00 | 103.00 | NOTE | |
r-oldrel-macos-arm64 | 1.0.2 | 56.00 | NOTE | |||
r-oldrel-macos-x86_64 | 1.0.2 | 82.00 | NOTE | |||
r-oldrel-windows-x86_64 | 1.0.2 | 15.00 | 109.00 | 124.00 | NOTE |
Version: 1.0.2
Check: LazyData
Result: NOTE
'LazyData' is specified without a 'data' directory
Flavors: r-devel-linux-x86_64-debian-clang, r-devel-linux-x86_64-debian-gcc, r-devel-linux-x86_64-fedora-clang, r-devel-linux-x86_64-fedora-gcc, r-devel-windows-x86_64, r-patched-linux-x86_64, r-release-linux-x86_64, r-release-macos-arm64, r-release-windows-x86_64, r-oldrel-macos-arm64, r-oldrel-macos-x86_64, r-oldrel-windows-x86_64