CRAN Package Check Results for Package PredictABEL

Last updated on 2021-10-21 09:55:01 CEST.

Flavor Version Tinstall Tcheck Ttotal Status Flags
r-devel-linux-x86_64-debian-clang 1.2-4 12.22 118.48 130.70 OK
r-devel-linux-x86_64-debian-gcc 1.2-4 10.96 90.21 101.17 OK
r-devel-linux-x86_64-fedora-clang 1.2-4 175.69 NOTE
r-devel-linux-x86_64-fedora-gcc 1.2-4 153.83 NOTE
r-devel-windows-x86_64 1.2-4 21.00 145.00 166.00 OK
r-devel-windows-x86_64-gcc10-UCRT 1.2-4 NOTE
r-patched-linux-x86_64 1.2-4 11.72 113.40 125.12 OK
r-patched-solaris-x86 1.2-4 244.10 NOTE
r-release-linux-x86_64 1.2-4 12.34 113.62 125.96 OK
r-release-macos-arm64 1.2-4 NOTE
r-release-macos-x86_64 1.2-4 NOTE
r-release-windows-ix86+x86_64 1.2-4 32.00 141.00 173.00 OK
r-oldrel-macos-x86_64 1.2-4 NOTE
r-oldrel-windows-ix86+x86_64 1.2-4 30.00 144.00 174.00 OK

Check Details

Version: 1.2-4
Check: dependencies in R code
Result: NOTE
    Namespace in Imports field not imported from: ‘lazyeval’
     All declared Imports should be used.
Flavors: r-devel-linux-x86_64-fedora-clang, r-devel-linux-x86_64-fedora-gcc, r-devel-windows-x86_64-gcc10-UCRT, r-patched-solaris-x86, r-release-macos-arm64, r-release-macos-x86_64, r-oldrel-macos-x86_64