CRAN Package Check Results for Package PoweR

Last updated on 2021-09-19 09:50:33 CEST.

Flavor Version Tinstall Tcheck Ttotal Status Flags
r-devel-linux-x86_64-debian-clang 1.0.7 36.67 61.86 98.53 OK
r-devel-linux-x86_64-debian-gcc 1.0.7 32.55 47.71 80.26 OK
r-devel-linux-x86_64-fedora-clang 1.0.7 138.08 OK
r-devel-linux-x86_64-fedora-gcc 1.0.7 127.84 OK
r-devel-windows-x86_64 1.0.7 33.00 108.00 141.00 OK
r-devel-windows-x86_64-gcc10-UCRT 1.0.7 ERROR
r-patched-linux-x86_64 1.0.7 38.30 60.37 98.67 OK
r-patched-solaris-x86 1.0.7 145.50 OK
r-release-linux-x86_64 1.0.7 36.44 59.55 95.99 OK
r-release-macos-arm64 1.0.7 OK
r-release-macos-x86_64 1.0.7 OK
r-release-windows-ix86+x86_64 1.0.7 83.00 126.00 209.00 OK
r-oldrel-macos-x86_64 1.0.7 OK
r-oldrel-windows-ix86+x86_64 1.0.7 80.00 103.00 183.00 OK

Check Details

Version: 1.0.7
Check: whether package can be installed
Result: ERROR
    Installation failed.
Flavor: r-devel-windows-x86_64-gcc10-UCRT