CRAN Package Check Results for Package Patterns

Last updated on 2021-07-29 10:53:10 CEST.

Flavor Version Tinstall Tcheck Ttotal Status Flags
r-devel-linux-x86_64-debian-clang 1.3 OK
r-devel-linux-x86_64-debian-gcc 1.3 11.44 115.46 126.90 OK
r-devel-linux-x86_64-fedora-clang 1.3 206.13 NOTE
r-devel-linux-x86_64-fedora-gcc 1.3 195.11 NOTE
r-devel-windows-x86_64 1.3 29.00 194.00 223.00 OK
r-devel-windows-x86_64-gcc10-UCRT 1.3 NOTE
r-patched-linux-x86_64 1.3 13.21 143.63 156.84 OK
r-patched-solaris-x86 1.3 295.10 NOTE
r-release-linux-x86_64 1.3 13.20 143.48 156.68 OK
r-release-macos-arm64 1.3 ERROR
r-release-macos-x86_64 1.3 ERROR
r-release-windows-ix86+x86_64 1.3 29.00 184.00 213.00 OK
r-oldrel-macos-x86_64 1.3 ERROR
r-oldrel-windows-ix86+x86_64 1.3 31.00 189.00 220.00 OK

Check Details

Version: 1.3
Check: dependencies in R code
Result: NOTE
    Namespaces in Imports field not imported from:
     ‘KernSmooth’ ‘Mfuzz’ ‘SelectBoost’ ‘gplots’ ‘grid’ ‘jetset’ ‘magic’
     ‘msgps’ ‘splines’ ‘stats4’ ‘survival’
     All declared Imports should be used.
Flavors: r-devel-linux-x86_64-fedora-clang, r-devel-linux-x86_64-fedora-gcc, r-devel-windows-x86_64-gcc10-UCRT, r-patched-solaris-x86

Version: 1.3
Check: package dependencies
Result: ERROR
    Packages required but not available: 'jetset', 'Mfuzz', 'WGCNA'
    
    Package suggested but not available for checking: ‘biomaRt’
    
    See section ‘The DESCRIPTION file’ in the ‘Writing R Extensions’
    manual.
Flavor: r-release-macos-arm64

Version: 1.3
Check: package dependencies
Result: ERROR
    Packages required but not available: 'jetset', 'Mfuzz', 'WGCNA'
    
    See section ‘The DESCRIPTION file’ in the ‘Writing R Extensions’
    manual.
Flavor: r-release-macos-x86_64

Version: 1.3
Check: package dependencies
Result: ERROR
    Package required but not available: ‘Mfuzz’
    
    See section ‘The DESCRIPTION file’ in the ‘Writing R Extensions’
    manual.
Flavor: r-oldrel-macos-x86_64