CRAN Package Check Results for Package PanelMatch

Last updated on 2021-07-24 09:54:06 CEST.

Flavor Version Tinstall Tcheck Ttotal Status Flags
r-devel-linux-x86_64-debian-clang 1.0.0 66.24 269.05 335.29 OK
r-devel-linux-x86_64-debian-gcc 1.0.0 44.59 191.45 236.04 OK
r-devel-linux-x86_64-fedora-clang 1.0.0 396.13 OK
r-devel-linux-x86_64-fedora-gcc 1.0.0 373.98 OK
r-devel-windows-x86_64 1.0.0 57.00 220.00 277.00 OK
r-devel-windows-x86_64-gcc10-UCRT 1.0.0 OK
r-patched-linux-x86_64 1.0.0 51.78 242.62 294.40 OK
r-patched-solaris-x86 1.0.0 492.40 OK
r-release-linux-x86_64 1.0.0 57.44 240.68 298.12 OK
r-release-macos-arm64 1.0.0 NOTE
r-release-macos-x86_64 1.0.0 OK
r-release-windows-ix86+x86_64 1.0.0 143.00 445.00 588.00 OK
r-oldrel-macos-x86_64 1.0.0 OK
r-oldrel-windows-ix86+x86_64 1.0.0 156.00 425.00 581.00 OK

Check Details

Version: 1.0.0
Check: installed package size
Result: NOTE
     installed size is 5.0Mb
     sub-directories of 1Mb or more:
     doc 2.1Mb
     libs 2.6Mb
Flavor: r-release-macos-arm64