Last updated on 2024-04-23 10:54:11 CEST.
Flavor | Version | Tinstall | Tcheck | Ttotal | Status | Flags |
---|---|---|---|---|---|---|
r-devel-linux-x86_64-debian-clang | 0.1.0 | 6.28 | 45.38 | 51.66 | NOTE | |
r-devel-linux-x86_64-debian-gcc | 0.1.0 | 5.43 | 33.70 | 39.13 | NOTE | |
r-devel-linux-x86_64-fedora-clang | 0.1.0 | 67.40 | NOTE | |||
r-devel-linux-x86_64-fedora-gcc | 0.1.0 | 75.28 | NOTE | |||
r-prerel-macos-arm64 | 0.1.0 | 28.00 | NOTE | |||
r-prerel-windows-x86_64 | 0.1.0 | 10.00 | 54.00 | 64.00 | NOTE | |
r-patched-linux-x86_64 | 0.1.0 | 5.10 | 43.55 | 48.65 | NOTE | |
r-release-linux-x86_64 | 0.1.0 | 6.82 | 44.72 | 51.54 | OK | |
r-release-macos-arm64 | 0.1.0 | 32.00 | OK | |||
r-release-macos-x86_64 | 0.1.0 | 47.00 | OK | |||
r-release-windows-x86_64 | 0.1.0 | 10.00 | 56.00 | 66.00 | OK | |
r-oldrel-macos-arm64 | 0.1.0 | 26.00 | OK | |||
r-oldrel-windows-x86_64 | 0.1.0 | 10.00 | 61.00 | 71.00 | OK |
Version: 0.1.0
Check: Rd files
Result: NOTE
checkRd: (-1) PakPMICS2018mm.Rd:69: Lost braces in \enumerate; meant \describe ?
checkRd: (-1) PakPMICS2018mm.Rd:70: Lost braces in \enumerate; meant \describe ?
Flavors: r-devel-linux-x86_64-debian-clang, r-devel-linux-x86_64-debian-gcc, r-devel-linux-x86_64-fedora-clang, r-devel-linux-x86_64-fedora-gcc, r-prerel-macos-arm64, r-prerel-windows-x86_64, r-patched-linux-x86_64