Last updated on 2024-03-29 11:54:02 CET.
Flavor | Version | Tinstall | Tcheck | Ttotal | Status | Flags |
---|---|---|---|---|---|---|
r-devel-linux-x86_64-debian-clang | 1.1.1 | 19.39 | 258.36 | 277.75 | OK | |
r-devel-linux-x86_64-debian-gcc | 1.1.1 | 19.32 | 191.47 | 210.79 | OK | |
r-devel-linux-x86_64-fedora-clang | 1.1.1 | 198.30 | NOTE | |||
r-devel-linux-x86_64-fedora-gcc | 1.1.1 | 339.47 | OK | |||
r-devel-windows-x86_64 | 1.1.1 | 20.00 | 212.00 | 232.00 | NOTE | |
r-patched-linux-x86_64 | 1.1.1 | 17.78 | 251.19 | 268.97 | OK | |
r-release-linux-x86_64 | 1.1.1 | 13.86 | 246.58 | 260.44 | OK | |
r-release-macos-arm64 | 1.1.1 | 112.00 | NOTE | |||
r-release-macos-x86_64 | 1.1.1 | 234.00 | NOTE | |||
r-release-windows-x86_64 | 1.1.1 | 26.00 | 263.00 | 289.00 | NOTE | |
r-oldrel-macos-arm64 | 1.1.1 | 101.00 | NOTE | |||
r-oldrel-windows-x86_64 | 1.1.1 | 27.00 | 245.00 | 272.00 | NOTE |
Version: 1.1.1
Check: installed package size
Result: NOTE
installed size is 7.9Mb
sub-directories of 1Mb or more:
doc 4.0Mb
examples 2.6Mb
Flavors: r-devel-linux-x86_64-fedora-clang, r-devel-windows-x86_64, r-release-macos-arm64, r-release-macos-x86_64, r-release-windows-x86_64, r-oldrel-macos-arm64, r-oldrel-windows-x86_64