CRAN Package Check Results for Package PSCBS

Last updated on 2021-07-29 10:53:12 CEST.

Flavor Version Tinstall Tcheck Ttotal Status Flags
r-devel-linux-x86_64-debian-clang 0.65.0 OK
r-devel-linux-x86_64-debian-gcc 0.65.0 16.18 243.84 260.02 OK
r-devel-linux-x86_64-fedora-clang 0.65.0 394.97 OK
r-devel-linux-x86_64-fedora-gcc 0.65.0 403.39 OK
r-devel-windows-x86_64 0.65.0 20.00 420.00 440.00 OK
r-devel-windows-x86_64-gcc10-UCRT 0.65.0 OK
r-patched-linux-x86_64 0.65.0 23.61 309.04 332.65 OK
r-patched-solaris-x86 0.65.0 763.10 OK
r-release-linux-x86_64 0.65.0 20.39 309.54 329.93 OK
r-release-macos-arm64 0.65.0 ERROR
r-release-macos-x86_64 0.65.0 ERROR
r-release-windows-ix86+x86_64 0.65.0 32.00 330.00 362.00 OK
r-oldrel-macos-x86_64 0.65.0 OK
r-oldrel-windows-ix86+x86_64 0.65.0 23.00 415.00 438.00 OK

Check Details

Version: 0.65.0
Check: package dependencies
Result: ERROR
    Package required but not available: ‘aroma.light’
    
    See section ‘The DESCRIPTION file’ in the ‘Writing R Extensions’
    manual.
Flavor: r-release-macos-arm64

Version: 0.65.0
Check: running R code from vignettes
Result: ERROR
    Errors in running code in vignettes:
    when running code in ‘CBS.tex.rsp’
     ...
    
    > t0 <- Sys.time()
    
    > R.utils::use("R.utils")
    
    > R.rsp <- R.oo::Package("R.rsp")
    
     When sourcing ‘CBS.R’:
    Error: Package is not installed: R.rsp
    Execution halted
    
     ‘CBS.tex.rsp’... failed
     ‘PairedPSCBS.tex.rsp’... [25s/31s] OK
Flavor: r-release-macos-x86_64