CRAN Package Check Results for Package PSAgraphics

Last updated on 2021-09-19 09:50:34 CEST.

Flavor Version Tinstall Tcheck Ttotal Status Flags
r-devel-linux-x86_64-debian-clang 2.1.1 3.51 54.66 58.17 NOTE
r-devel-linux-x86_64-debian-gcc 2.1.1 3.28 40.59 43.87 NOTE
r-devel-linux-x86_64-fedora-clang 2.1.1 78.27 NOTE
r-devel-linux-x86_64-fedora-gcc 2.1.1 65.72 NOTE
r-devel-windows-x86_64 2.1.1 6.00 52.00 58.00 NOTE
r-devel-windows-x86_64-gcc10-UCRT 2.1.1 ERROR
r-patched-linux-x86_64 2.1.1 3.89 51.56 55.45 NOTE
r-patched-solaris-x86 2.1.1 84.60 NOTE
r-release-linux-x86_64 2.1.1 3.15 51.66 54.81 NOTE
r-release-macos-arm64 2.1.1 NOTE
r-release-macos-x86_64 2.1.1 NOTE
r-release-windows-ix86+x86_64 2.1.1 8.00 76.00 84.00 NOTE
r-oldrel-macos-x86_64 2.1.1 NOTE
r-oldrel-windows-ix86+x86_64 2.1.1 7.00 57.00 64.00 NOTE

Check Details

Version: 2.1.1
Check: dependencies in R code
Result: NOTE
    Package in Depends field not imported from: 'rpart'
     These packages need to be imported from (in the NAMESPACE file)
     for when this namespace is loaded but not attached.
Flavors: r-devel-linux-x86_64-debian-clang, r-devel-linux-x86_64-debian-gcc, r-devel-linux-x86_64-fedora-clang, r-devel-linux-x86_64-fedora-gcc, r-devel-windows-x86_64, r-devel-windows-x86_64-gcc10-UCRT, r-patched-linux-x86_64, r-patched-solaris-x86, r-release-linux-x86_64, r-release-macos-arm64, r-release-macos-x86_64, r-release-windows-ix86+x86_64, r-oldrel-macos-x86_64, r-oldrel-windows-ix86+x86_64

Version: 2.1.1
Check: R code for possible problems
Result: NOTE
    bal.cs.psa: no visible global function definition for 'hist'
    bal.cs.psa: no visible global function definition for 'points'
    bal.cs.psa: no visible global function definition for 'legend'
    bal.fe.psa: no visible global function definition for 'fisher.test'
    bal.ks.psa: no visible global function definition for 'ks.test'
    bal.ms.psa: no visible global function definition for 'hist'
    bal.ms.psa: no visible global function definition for 'points'
    bal.ms.psa: no visible global function definition for 'legend'
    box.psa: no visible global function definition for 'boxplot'
    box.psa: no visible global function definition for 'points'
    box.psa: no visible global function definition for 'text'
    box.psa: no visible global function definition for 'axis'
    box.psa: no visible global function definition for 'aggregate'
    box.psa: no visible global function definition for 'lines'
    box.psa: no visible global function definition for 'legend'
    cat.psa: no visible global function definition for 'terrain.colors'
    cat.psa: no visible global function definition for 'rect'
    cat.psa: no visible global function definition for 'axis'
    cat.psa: no visible global function definition for 'text'
    cat.psa: no visible global function definition for 'legend'
    circ.psa: no visible global function definition for 'par'
    circ.psa: no visible binding for global variable 'var'
    circ.psa: no visible global function definition for 'symbols'
    circ.psa: no visible global function definition for 'legend'
    circ.psa: no visible global function definition for 'abline'
    circ.psa: no visible global function definition for 'segments'
    circ.psa: no visible global function definition for 'points'
    circ.psa: no visible global function definition for 'rug'
    circ.psa: no visible global function definition for 'title'
    circ.psa: no visible global function definition for 'qt'
    cstrata.psa: no visible global function definition for 'quantile'
    cstrata.psa: no visible global function definition for 'runif'
    cstrata.psa: no visible global function definition for 'par'
    cstrata.psa: no visible global function definition for 'points'
    cstrata.psa: no visible global function definition for 'abline'
    cv.bal.psa: no visible global function definition for 'var'
    cv.bal.psa: no visible global function definition for 'sd'
    cv.bal.psa: no visible global function definition for 'axis'
    cv.bal.psa: no visible global function definition for 'points'
    cv.bal.psa: no visible global function definition for 'lines'
    cv.bal.psa: no visible global function definition for 'abline'
    cv.bal.psa: no visible global function definition for 'box'
    cv.bal.psa: no visible binding for global variable 'sd'
    loess.psa: no visible global function definition for 'loess'
    loess.psa: no visible global function definition for 'points'
    loess.psa: no visible global function definition for 'quantile'
    loess.psa: no visible global function definition for 'abline'
    loess.psa: no visible global function definition for 'rug'
    loess.psa: no visible global function definition for 'box'
    loess.psa: no visible binding for global variable 'var'
    loess.psa: no visible global function definition for 'na.omit'
    loess.psa: no visible global function definition for 'sd'
    Undefined global functions or variables:
     abline aggregate axis box boxplot fisher.test hist ks.test legend
     lines loess na.omit par points qt quantile rect rug runif sd segments
     symbols terrain.colors text title var
    Consider adding
     importFrom("grDevices", "terrain.colors")
     importFrom("graphics", "abline", "axis", "box", "boxplot", "hist",
     "legend", "lines", "par", "points", "rect", "rug",
     "segments", "symbols", "text", "title")
     importFrom("stats", "aggregate", "fisher.test", "ks.test", "loess",
     "na.omit", "qt", "quantile", "runif", "sd", "var")
    to your NAMESPACE file.
Flavors: r-devel-linux-x86_64-debian-clang, r-devel-linux-x86_64-debian-gcc, r-devel-linux-x86_64-fedora-clang, r-devel-linux-x86_64-fedora-gcc, r-devel-windows-x86_64, r-devel-windows-x86_64-gcc10-UCRT, r-patched-linux-x86_64, r-patched-solaris-x86, r-release-linux-x86_64, r-release-macos-arm64, r-release-macos-x86_64, r-release-windows-ix86+x86_64, r-oldrel-macos-x86_64, r-oldrel-windows-ix86+x86_64

Version: 2.1.1
Check: whether package can be installed
Result: WARN
    Found the following significant warnings:
     WARNING: installation-time patches will not be applied, could not get the patches index
Flavor: r-devel-windows-x86_64-gcc10-UCRT

Version: 2.1.1
Check: PDF version of manual
Result: WARN
    LaTeX errors when creating PDF version.
    This typically indicates Rd problems.
Flavor: r-devel-windows-x86_64-gcc10-UCRT

Version: 2.1.1
Check: PDF version of manual without hyperrefs or index
Result: ERROR
    Re-running with no redirection of stdout/stderr.
Flavor: r-devel-windows-x86_64-gcc10-UCRT