CRAN Package Check Results for Package PROBShiny

Last updated on 2021-12-06 09:53:37 CET.

Flavor Version Tinstall Tcheck Ttotal Status Flags
r-devel-linux-x86_64-debian-clang 0.1.0 1.87 27.07 28.94 NOTE
r-devel-linux-x86_64-debian-gcc 0.1.0 1.51 21.79 23.30 NOTE
r-devel-linux-x86_64-fedora-clang 0.1.0 37.02 NOTE
r-devel-linux-x86_64-fedora-gcc 0.1.0 25.48 NOTE
r-devel-windows-x86_64-new-UL 0.1.0 6.00 51.00 57.00 NOTE
r-devel-windows-x86_64-new-TK 0.1.0 NOTE
r-devel-windows-x86_64-old 0.1.0 5.00 28.00 33.00 NOTE
r-patched-linux-x86_64 0.1.0 1.84 18.12 19.96 NOTE
r-release-linux-x86_64 0.1.0 1.93 26.48 28.41 NOTE
r-release-macos-arm64 0.1.0 NOTE
r-release-macos-x86_64 0.1.0 NOTE
r-release-windows-ix86+x86_64 0.1.0 5.00 35.00 40.00 NOTE
r-oldrel-macos-x86_64 0.1.0 NOTE
r-oldrel-windows-ix86+x86_64 0.1.0 5.00 36.00 41.00 OK

Check Details

Version: 0.1.0
Check: LazyData
Result: NOTE
     'LazyData' is specified without a 'data' directory
Flavors: r-devel-linux-x86_64-debian-clang, r-devel-linux-x86_64-debian-gcc, r-devel-linux-x86_64-fedora-clang, r-devel-linux-x86_64-fedora-gcc, r-devel-windows-x86_64-new-UL, r-devel-windows-x86_64-new-TK, r-devel-windows-x86_64-old, r-patched-linux-x86_64, r-release-linux-x86_64, r-release-macos-arm64, r-release-macos-x86_64, r-release-windows-ix86+x86_64

Version: 0.1.0
Check: dependencies in R code
Result: NOTE
    Namespaces in Imports field not imported from:
     ‘LaplacesDemon’ ‘epitools’ ‘rpivotTable’ ‘shiny’ ‘shinyMatrix’
     All declared Imports should be used.
Flavors: r-devel-linux-x86_64-fedora-clang, r-devel-linux-x86_64-fedora-gcc, r-devel-windows-x86_64-new-TK, r-release-macos-arm64, r-release-macos-x86_64, r-oldrel-macos-x86_64