CRAN Package Check Results for Package PRIMAL

Last updated on 2021-10-24 10:04:16 CEST.

Flavor Version Tinstall Tcheck Ttotal Status Flags
r-devel-linux-x86_64-debian-clang 1.0.2 45.30 63.28 108.58 OK
r-devel-linux-x86_64-debian-gcc 1.0.2 35.86 50.67 86.53 OK
r-devel-linux-x86_64-fedora-clang 1.0.2 162.27 NOTE
r-devel-linux-x86_64-fedora-gcc 1.0.2 148.06 NOTE
r-devel-windows-x86_64 1.0.2 58.00 81.00 139.00 OK
r-devel-windows-x86_64-gcc10-UCRT 1.0.2 OK
r-patched-linux-x86_64 1.0.2 46.03 63.13 109.16 OK
r-patched-solaris-x86 1.0.2 167.20 OK
r-release-linux-x86_64 1.0.2 44.68 64.38 109.06 OK
r-release-macos-arm64 1.0.2 NOTE
r-release-macos-x86_64 1.0.2 NOTE
r-release-windows-ix86+x86_64 1.0.2 76.00 128.00 204.00 OK
r-oldrel-macos-x86_64 1.0.2 NOTE
r-oldrel-windows-ix86+x86_64 1.0.2 107.00 129.00 236.00 OK

Check Details

Version: 1.0.2
Check: installed package size
Result: NOTE
     installed size is 8.9Mb
     sub-directories of 1Mb or more:
     libs 8.4Mb
Flavors: r-devel-linux-x86_64-fedora-clang, r-release-macos-arm64, r-release-macos-x86_64, r-oldrel-macos-x86_64

Version: 1.0.2
Check: compiled code
Result: NOTE
    File ‘PRIMAL/libs/PRIMAL.so’:
     Found no calls to: ‘R_registerRoutines’, ‘R_useDynamicSymbols’
    
    It is good practice to register native routines and to disable symbol
    search.
    
    See ‘Writing portable packages’ in the ‘Writing R Extensions’ manual.
Flavors: r-devel-linux-x86_64-fedora-clang, r-devel-linux-x86_64-fedora-gcc