CRAN Package Check Results for Package PPQplan

Last updated on 2021-07-24 09:54:07 CEST.

Flavor Version Tinstall Tcheck Ttotal Status Flags
r-devel-linux-x86_64-debian-clang 1.1.0 7.09 132.93 140.02 NOTE
r-devel-linux-x86_64-debian-gcc 1.1.0 6.07 94.02 100.09 NOTE
r-devel-linux-x86_64-fedora-clang 1.1.0 181.89 NOTE
r-devel-linux-x86_64-fedora-gcc 1.1.0 171.90 NOTE
r-devel-windows-x86_64 1.1.0 11.00 117.00 128.00 NOTE
r-devel-windows-x86_64-gcc10-UCRT 1.1.0 NOTE
r-patched-linux-x86_64 1.1.0 6.99 124.78 131.77 NOTE
r-patched-solaris-x86 1.1.0 143.50 WARN
r-release-linux-x86_64 1.1.0 8.20 125.56 133.76 NOTE
r-release-macos-arm64 1.1.0 WARN
r-release-macos-x86_64 1.1.0 WARN
r-release-windows-ix86+x86_64 1.1.0 19.00 119.00 138.00 NOTE
r-oldrel-macos-x86_64 1.1.0 WARN
r-oldrel-windows-ix86+x86_64 1.1.0 19.00 159.00 178.00 NOTE

Check Details

Version: 1.1.0
Check: LazyData
Result: NOTE
     'LazyData' is specified without a 'data' directory
Flavors: r-devel-linux-x86_64-debian-clang, r-devel-linux-x86_64-debian-gcc, r-devel-linux-x86_64-fedora-clang, r-devel-linux-x86_64-fedora-gcc, r-devel-windows-x86_64, r-devel-windows-x86_64-gcc10-UCRT, r-patched-linux-x86_64, r-patched-solaris-x86, r-release-linux-x86_64, r-release-macos-arm64, r-release-macos-x86_64, r-release-windows-ix86+x86_64

Version: 1.1.0
Check: installed package size
Result: NOTE
     installed size is 12.1Mb
     sub-directories of 1Mb or more:
     doc 12.0Mb
Flavors: r-devel-linux-x86_64-fedora-clang, r-devel-windows-x86_64, r-patched-solaris-x86, r-release-macos-arm64, r-release-macos-x86_64, r-release-windows-ix86+x86_64, r-oldrel-macos-x86_64, r-oldrel-windows-ix86+x86_64

Version: 1.1.0
Check: re-building of vignette outputs
Result: WARN
    Error(s) in re-building vignettes:
     ...
    --- re-building ‘PPQnote.Rmd’ using rmarkdown
    Warning in engine$weave(file, quiet = quiet, encoding = enc) :
     Pandoc (>= 1.12.3) not available. Falling back to R Markdown v1.
    --- finished re-building ‘PPQnote.Rmd’
    
    --- re-building ‘PPQplan-vignette.Rmd’ using rmarkdown
    Warning in engine$weave(file, quiet = quiet, encoding = enc) :
     Pandoc (>= 1.12.3) not available. Falling back to R Markdown v1.
    Quitting from lines 130-131 (PPQplan-vignette.Rmd)
    Error: processing vignette 'PPQplan-vignette.Rmd' failed with diagnostics:
    there is no package called 'webshot'
    --- failed re-building ‘PPQplan-vignette.Rmd’
    
    SUMMARY: processing the following file failed:
     ‘PPQplan-vignette.Rmd’
    
    Error: Vignette re-building failed.
    Execution halted
Flavor: r-patched-solaris-x86

Version: 1.1.0
Check: re-building of vignette outputs
Result: WARN
    Error(s) in re-building vignettes:
     ...
    --- re-building ‘PPQnote.Rmd’ using rmarkdown
    Warning in engine$weave(file, quiet = quiet, encoding = enc) :
     Pandoc (>= 1.12.3) not available. Falling back to R Markdown v1.
    --- finished re-building ‘PPQnote.Rmd’
    
    --- re-building ‘PPQplan-vignette.Rmd’ using rmarkdown
    Warning in engine$weave(file, quiet = quiet, encoding = enc) :
     Pandoc (>= 1.12.3) not available. Falling back to R Markdown v1.
    Quitting from lines 130-131 (PPQplan-vignette.Rmd)
    Error: processing vignette 'PPQplan-vignette.Rmd' failed with diagnostics:
    invalid 'path' argument
    --- failed re-building ‘PPQplan-vignette.Rmd’
    
    SUMMARY: processing the following file failed:
     ‘PPQplan-vignette.Rmd’
    
    Error: Vignette re-building failed.
    Execution halted
Flavors: r-release-macos-arm64, r-release-macos-x86_64

Version: 1.1.0
Check: re-building of vignette outputs
Result: WARN
    Error(s) in re-building vignettes:
     ...
    --- re-building ‘PPQnote.Rmd’ using rmarkdown
    Warning in engine$weave(file, quiet = quiet, encoding = enc) :
     Pandoc (>= 1.12.3) and/or pandoc-citeproc not available. Falling back to R Markdown v1.
    --- finished re-building ‘PPQnote.Rmd’
    
    --- re-building ‘PPQplan-vignette.Rmd’ using rmarkdown
    Warning in engine$weave(file, quiet = quiet, encoding = enc) :
     Pandoc (>= 1.12.3) and/or pandoc-citeproc not available. Falling back to R Markdown v1.
    Warning in normalizePath(f2) :
     path[1]="webshot15e404e0de3dd.png": No such file or directory
    Warning in file(con, "rb") :
     cannot open file 'webshot15e404e0de3dd.png': No such file or directory
    Quitting from lines 130-131 (PPQplan-vignette.Rmd)
    Error: processing vignette 'PPQplan-vignette.Rmd' failed with diagnostics:
    cannot open the connection
    --- failed re-building ‘PPQplan-vignette.Rmd’
    
    SUMMARY: processing the following file failed:
     ‘PPQplan-vignette.Rmd’
    
    Error: Vignette re-building failed.
    Execution halted
Flavor: r-oldrel-macos-x86_64