CRAN Package Check Results for Package PCMBaseCpp

Last updated on 2021-10-20 09:55:17 CEST.

Flavor Version Tinstall Tcheck Ttotal Status Flags
r-devel-linux-x86_64-debian-clang 0.1.9 142.50 386.13 528.63 OK
r-devel-linux-x86_64-debian-gcc 0.1.9 126.25 277.52 403.77 OK
r-devel-linux-x86_64-fedora-clang 0.1.9 672.71 NOTE
r-devel-linux-x86_64-fedora-gcc 0.1.9 697.89 OK
r-devel-windows-x86_64 0.1.9 177.00 450.00 627.00 OK
r-devel-windows-x86_64-gcc10-UCRT 0.1.9 OK
r-patched-linux-x86_64 0.1.9 148.93 361.48 510.41 OK
r-patched-solaris-x86 0.1.9 764.20 OK
r-release-linux-x86_64 0.1.9 140.22 364.85 505.07 OK
r-release-macos-arm64 0.1.9 NOTE
r-release-macos-x86_64 0.1.9 NOTE
r-release-windows-ix86+x86_64 0.1.9 260.00 702.00 962.00 NOTE
r-oldrel-macos-x86_64 0.1.9 NOTE
r-oldrel-windows-ix86+x86_64 0.1.9 361.00 716.00 1077.00 NOTE

Check Details

Version: 0.1.9
Check: installed package size
Result: NOTE
     installed size is 28.3Mb
     sub-directories of 1Mb or more:
     libs 27.1Mb
Flavors: r-devel-linux-x86_64-fedora-clang, r-release-macos-arm64, r-release-macos-x86_64, r-release-windows-ix86+x86_64, r-oldrel-macos-x86_64, r-oldrel-windows-ix86+x86_64