Last updated on 2024-04-18 10:49:57 CEST.
Flavor | Version | Tinstall | Tcheck | Ttotal | Status | Flags |
---|---|---|---|---|---|---|
r-devel-linux-x86_64-debian-clang | 2.69.3 | 25.00 | 134.91 | 159.91 | OK | |
r-devel-linux-x86_64-debian-gcc | 2.69.3 | 18.38 | 95.47 | 113.85 | OK | |
r-devel-linux-x86_64-fedora-clang | 2.69.3 | 196.48 | NOTE | |||
r-devel-linux-x86_64-fedora-gcc | 2.69.3 | 200.25 | OK | |||
r-prerel-macos-arm64 | 2.69.3 | 80.00 | NOTE | |||
r-prerel-windows-x86_64 | 2.69.3 | 18.00 | 122.00 | 140.00 | NOTE | |
r-patched-linux-x86_64 | 2.69.3 | 25.15 | 126.25 | 151.40 | OK | |
r-release-linux-x86_64 | 2.69.3 | 21.32 | 113.86 | 135.18 | OK | |
r-release-macos-arm64 | 2.69.3 | 53.00 | NOTE | |||
r-release-macos-x86_64 | 2.69.3 | 186.00 | NOTE | |||
r-release-windows-x86_64 | 2.69.3 | 22.00 | 133.00 | 155.00 | NOTE | |
r-oldrel-macos-arm64 | 2.69.3 | 82.00 | NOTE | |||
r-oldrel-windows-x86_64 | 2.69.3 | 26.00 | 131.00 | 157.00 | NOTE |
Version: 2.69.3
Check: installed package size
Result: NOTE
installed size is 5.4Mb
sub-directories of 1Mb or more:
doc 1.4Mb
examples 1.7Mb
Flavors: r-devel-linux-x86_64-fedora-clang, r-prerel-macos-arm64, r-prerel-windows-x86_64, r-release-macos-arm64, r-release-macos-x86_64, r-release-windows-x86_64, r-oldrel-macos-arm64, r-oldrel-windows-x86_64