CRAN Package Check Results for Package OutrankingTools

Last updated on 2021-10-25 09:55:29 CEST.

Flavor Version Tinstall Tcheck Ttotal Status Flags
r-devel-linux-x86_64-debian-clang 1.0 5.45 41.51 46.96 NOTE
r-devel-linux-x86_64-debian-gcc 1.0 5.29 32.47 37.76 NOTE
r-devel-linux-x86_64-fedora-clang 1.0 67.84 NOTE
r-devel-linux-x86_64-fedora-gcc 1.0 57.10 NOTE
r-devel-windows-x86_64 1.0 9.00 62.00 71.00 OK
r-devel-windows-x86_64-gcc10-UCRT 1.0 OK
r-patched-linux-x86_64 1.0 5.02 40.31 45.33 NOTE
r-patched-solaris-x86 1.0 87.00 NOTE
r-release-linux-x86_64 1.0 6.82 40.66 47.48 NOTE
r-release-macos-arm64 1.0 OK
r-release-macos-x86_64 1.0 OK
r-release-windows-ix86+x86_64 1.0 8.00 50.00 58.00 OK
r-oldrel-macos-x86_64 1.0 OK
r-oldrel-windows-ix86+x86_64 1.0 11.00 61.00 72.00 OK

Check Details

Version: 1.0
Check: for non-standard things in the check directory
Result: NOTE
    Found the following files/directories:
     'result.txt'
Flavors: r-devel-linux-x86_64-debian-clang, r-devel-linux-x86_64-debian-gcc, r-devel-linux-x86_64-fedora-clang, r-devel-linux-x86_64-fedora-gcc, r-patched-linux-x86_64, r-patched-solaris-x86, r-release-linux-x86_64