CRAN Package Check Results for Package OptimaRegion

Last updated on 2021-10-18 09:54:52 CEST.

Flavor Version Tinstall Tcheck Ttotal Status Flags
r-devel-linux-x86_64-debian-clang 1.1 4.24 40.27 44.51 OK
r-devel-linux-x86_64-debian-gcc 1.1 3.21 31.00 34.21 OK
r-devel-linux-x86_64-fedora-clang 1.1 62.59 NOTE
r-devel-linux-x86_64-fedora-gcc 1.1 50.48 NOTE
r-devel-windows-x86_64 1.1 7.00 54.00 61.00 OK
r-devel-windows-x86_64-gcc10-UCRT 1.1 NOTE
r-patched-linux-x86_64 1.1 4.53 39.26 43.79 OK
r-patched-solaris-x86 1.1 70.70 NOTE
r-release-linux-x86_64 1.1 3.69 39.22 42.91 OK
r-release-macos-arm64 1.1 NOTE
r-release-macos-x86_64 1.1 NOTE
r-release-windows-ix86+x86_64 1.1 8.00 54.00 62.00 OK
r-oldrel-macos-x86_64 1.1 NOTE
r-oldrel-windows-ix86+x86_64 1.1 9.00 56.00 65.00 OK

Check Details

Version: 1.1
Check: dependencies in R code
Result: NOTE
    Namespace in Imports field not imported from: ‘geometry’
     All declared Imports should be used.
Flavors: r-devel-linux-x86_64-fedora-clang, r-devel-linux-x86_64-fedora-gcc, r-devel-windows-x86_64-gcc10-UCRT, r-patched-solaris-x86, r-release-macos-arm64, r-release-macos-x86_64, r-oldrel-macos-x86_64