Last updated on 2024-04-22 10:56:32 CEST.
Flavor | Version | Tinstall | Tcheck | Ttotal | Status | Flags |
---|---|---|---|---|---|---|
r-devel-linux-x86_64-debian-clang | 1.0.8 | 23.06 | 214.97 | 238.03 | OK | |
r-devel-linux-x86_64-debian-gcc | 1.0.8 | 12.16 | 158.61 | 170.77 | OK | |
r-devel-linux-x86_64-fedora-clang | 1.0.8 | 303.01 | NOTE | |||
r-devel-linux-x86_64-fedora-gcc | 1.0.8 | 318.49 | NOTE | |||
r-prerel-macos-arm64 | 1.0.8 | 89.00 | NOTE | |||
r-prerel-macos-x86_64 | 1.0.8 | 240.00 | NOTE | |||
r-prerel-windows-x86_64 | 1.0.8 | 17.00 | 169.00 | 186.00 | NOTE | |
r-patched-linux-x86_64 | 1.0.8 | 12.02 | 207.79 | 219.81 | OK | |
r-release-linux-x86_64 | 1.0.8 | 14.40 | 209.77 | 224.17 | OK | |
r-release-macos-arm64 | 1.0.8 | 103.00 | NOTE | |||
r-release-macos-x86_64 | 1.0.8 | 205.00 | NOTE | |||
r-release-windows-x86_64 | 1.0.8 | 24.00 | 219.00 | 243.00 | NOTE | |
r-oldrel-macos-arm64 | 1.0.8 | 84.00 | NOTE | |||
r-oldrel-windows-x86_64 | 1.0.8 | 26.00 | 216.00 | 242.00 | NOTE |
Version: 1.0.8
Check: installed package size
Result: NOTE
installed size is 5.9Mb
sub-directories of 1Mb or more:
doc 4.3Mb
Flavors: r-devel-linux-x86_64-fedora-clang, r-prerel-macos-arm64, r-prerel-macos-x86_64, r-prerel-windows-x86_64, r-release-macos-arm64, r-release-macos-x86_64, r-release-windows-x86_64, r-oldrel-macos-arm64, r-oldrel-windows-x86_64
Version: 1.0.8
Check: data for non-ASCII characters
Result: NOTE
Note: found 10 marked UTF-8 strings
Flavors: r-devel-linux-x86_64-fedora-clang, r-devel-linux-x86_64-fedora-gcc