CRAN Package Check Results for Package OpenML

Last updated on 2021-09-17 09:53:31 CEST.

Flavor Version Tinstall Tcheck Ttotal Status Flags
r-devel-linux-x86_64-debian-clang 1.10 9.38 70.46 79.84 NOTE
r-devel-linux-x86_64-debian-gcc 1.10 7.48 53.74 61.22 NOTE
r-devel-linux-x86_64-fedora-clang 1.10 104.62 NOTE
r-devel-linux-x86_64-fedora-gcc 1.10 92.14 NOTE
r-devel-windows-x86_64 1.10 11.00 82.00 93.00 NOTE
r-devel-windows-x86_64-gcc10-UCRT 1.10 NOTE
r-patched-linux-x86_64 1.10 9.21 67.79 77.00 NOTE
r-patched-solaris-x86 1.10 130.10 NOTE
r-release-linux-x86_64 1.10 9.10 68.73 77.83 NOTE
r-release-macos-arm64 1.10 NOTE
r-release-macos-x86_64 1.10 NOTE
r-release-windows-ix86+x86_64 1.10 18.00 88.00 106.00 NOTE
r-oldrel-macos-x86_64 1.10 OK
r-oldrel-windows-ix86+x86_64 1.10 13.00 85.00 98.00 OK

Check Details

Version: 1.10
Check: LazyData
Result: NOTE
     'LazyData' is specified without a 'data' directory
Flavors: r-devel-linux-x86_64-debian-clang, r-devel-linux-x86_64-debian-gcc, r-devel-linux-x86_64-fedora-clang, r-devel-linux-x86_64-fedora-gcc, r-devel-windows-x86_64, r-devel-windows-x86_64-gcc10-UCRT, r-patched-linux-x86_64, r-patched-solaris-x86, r-release-linux-x86_64, r-release-macos-arm64, r-release-macos-x86_64, r-release-windows-ix86+x86_64

Version: 1.10
Check: package dependencies
Result: NOTE
    Package suggested but not available for checking: ‘RWeka’
Flavor: r-patched-solaris-x86