CRAN Package Check Results for Package OpenLand

Last updated on 2021-07-27 09:53:30 CEST.

Flavor Version Tinstall Tcheck Ttotal Status Flags
r-devel-linux-x86_64-debian-clang 1.0.1 14.22 190.73 204.95 OK
r-devel-linux-x86_64-debian-gcc 1.0.1 10.32 141.34 151.66 OK
r-devel-linux-x86_64-fedora-clang 1.0.1 246.81 OK
r-devel-linux-x86_64-fedora-gcc 1.0.1 239.13 OK
r-devel-windows-x86_64 1.0.1 21.00 171.00 192.00 WARN
r-devel-windows-x86_64-gcc10-UCRT 1.0.1 OK
r-patched-linux-x86_64 1.0.1 13.61 181.60 195.21 OK
r-patched-solaris-x86 1.0.1 390.60 WARN
r-release-linux-x86_64 1.0.1 11.44 177.72 189.16 OK
r-release-macos-arm64 1.0.1 WARN
r-release-macos-x86_64 1.0.1 WARN
r-release-windows-ix86+x86_64 1.0.1 30.00 123.00 153.00 WARN
r-oldrel-macos-x86_64 1.0.1 WARN
r-oldrel-windows-ix86+x86_64 1.0.1 23.00 171.00 194.00 WARN

Check Details

Version: 1.0.1
Check: re-building of vignette outputs
Result: WARN
    Error(s) in re-building vignettes:
    --- re-building 'openland_vignette.Rmd' using rmarkdown
    trying URL 'https://zenodo.org/record/3685230/files/SaoLourencoBasin.rda?download=1'
    Quitting from lines 40-52 (openland_vignette.Rmd)
    Error: processing vignette 'openland_vignette.Rmd' failed with diagnostics:
    cannot open URL 'https://zenodo.org/record/3685230/files/SaoLourencoBasin.rda?download=1'
    --- failed re-building 'openland_vignette.Rmd'
    
    SUMMARY: processing the following file failed:
     'openland_vignette.Rmd'
    
    Error: Vignette re-building failed.
    Execution halted
Flavors: r-devel-windows-x86_64, r-release-windows-ix86+x86_64, r-oldrel-windows-ix86+x86_64

Version: 1.0.1
Check: re-building of vignette outputs
Result: WARN
    Error(s) in re-building vignettes:
     ...
    --- re-building ‘openland_vignette.Rmd’ using rmarkdown
    Warning in engine$weave(file, quiet = quiet, encoding = enc) :
     Pandoc (>= 1.12.3) not available. Falling back to R Markdown v1.
    trying URL 'https://zenodo.org/record/3685230/files/SaoLourencoBasin.rda?download=1'
    Content type 'application/octet-stream' length 5309066 bytes (5.1 MB)
    ==================================================
    downloaded 5.1 MB
    
    Quitting from lines 264-269 (openland_vignette.Rmd)
    Error: processing vignette 'openland_vignette.Rmd' failed with diagnostics:
    there is no package called 'webshot'
    --- failed re-building ‘openland_vignette.Rmd’
    
    SUMMARY: processing the following file failed:
     ‘openland_vignette.Rmd’
    
    Error: Vignette re-building failed.
    Execution halted
Flavor: r-patched-solaris-x86

Version: 1.0.1
Check: re-building of vignette outputs
Result: WARN
    Error(s) in re-building vignettes:
     ...
    --- re-building ‘openland_vignette.Rmd’ using rmarkdown
    Warning in engine$weave(file, quiet = quiet, encoding = enc) :
     Pandoc (>= 1.12.3) not available. Falling back to R Markdown v1.
    trying URL 'https://zenodo.org/record/3685230/files/SaoLourencoBasin.rda?download=1'
    Content type 'application/octet-stream' length 5309066 bytes (5.1 MB)
    ==================================================
    downloaded 5.1 MB
    
    Quitting from lines 173-180 (openland_vignette.Rmd)
    Error: processing vignette 'openland_vignette.Rmd' failed with diagnostics:
    polygon edge not found
    --- failed re-building ‘openland_vignette.Rmd’
    
    SUMMARY: processing the following file failed:
     ‘openland_vignette.Rmd’
    
    Error: Vignette re-building failed.
    Execution halted
Flavor: r-release-macos-arm64

Version: 1.0.1
Check: re-building of vignette outputs
Result: WARN
    Error(s) in re-building vignettes:
     ...
    --- re-building ‘openland_vignette.Rmd’ using rmarkdown
    Warning in engine$weave(file, quiet = quiet, encoding = enc) :
     Pandoc (>= 1.12.3) not available. Falling back to R Markdown v1.
    trying URL 'https://zenodo.org/record/3685230/files/SaoLourencoBasin.rda?download=1'
    Content type 'application/octet-stream' length 5309066 bytes (5.1 MB)
    ==================================================
    downloaded 5.1 MB
    
    Quitting from lines 264-269 (openland_vignette.Rmd)
    Error: processing vignette 'openland_vignette.Rmd' failed with diagnostics:
    invalid 'path' argument
    --- failed re-building ‘openland_vignette.Rmd’
    
    SUMMARY: processing the following file failed:
     ‘openland_vignette.Rmd’
    
    Error: Vignette re-building failed.
    Execution halted
Flavor: r-release-macos-x86_64

Version: 1.0.1
Check: re-building of vignette outputs
Result: WARN
    Error(s) in re-building vignettes:
     ...
    --- re-building ‘openland_vignette.Rmd’ using rmarkdown
    Warning in engine$weave(file, quiet = quiet, encoding = enc) :
     Pandoc (>= 1.12.3) and/or pandoc-citeproc not available. Falling back to R Markdown v1.
    trying URL 'https://zenodo.org/record/3685230/files/SaoLourencoBasin.rda?download=1'
    Content type 'application/octet-stream' length 5309066 bytes (5.1 MB)
    ==================================================
    downloaded 5.1 MB
    
    Quitting from lines 264-269 (openland_vignette.Rmd)
    Error: processing vignette 'openland_vignette.Rmd' failed with diagnostics:
    cannot open the connection
    --- failed re-building ‘openland_vignette.Rmd’
    
    SUMMARY: processing the following file failed:
     ‘openland_vignette.Rmd’
    
    Error: Vignette re-building failed.
    Execution halted
Flavor: r-oldrel-macos-x86_64