CRAN Package Check Results for Package ORTSC

Last updated on 2021-10-24 10:04:14 CEST.

Flavor Version Tinstall Tcheck Ttotal Status Flags
r-devel-linux-x86_64-debian-clang 1.0.0 3.48 32.70 36.18 NOTE
r-devel-linux-x86_64-debian-gcc 1.0.0 2.67 25.24 27.91 NOTE
r-devel-linux-x86_64-fedora-clang 1.0.0 54.54 NOTE
r-devel-linux-x86_64-fedora-gcc 1.0.0 43.16 NOTE
r-devel-windows-x86_64 1.0.0 6.00 52.00 58.00 NOTE
r-devel-windows-x86_64-gcc10-UCRT 1.0.0 NOTE
r-patched-linux-x86_64 1.0.0 3.34 31.56 34.90 NOTE
r-patched-solaris-x86 1.0.0 66.60 NOTE
r-release-linux-x86_64 1.0.0 3.35 31.75 35.10 NOTE
r-release-macos-arm64 1.0.0 NOTE
r-release-macos-x86_64 1.0.0 NOTE
r-release-windows-ix86+x86_64 1.0.0 6.00 53.00 59.00 NOTE
r-oldrel-macos-x86_64 1.0.0 OK
r-oldrel-windows-ix86+x86_64 1.0.0 9.00 53.00 62.00 OK

Check Details

Version: 1.0.0
Check: LazyData
Result: NOTE
     'LazyData' is specified without a 'data' directory
Flavors: r-devel-linux-x86_64-debian-clang, r-devel-linux-x86_64-debian-gcc, r-devel-linux-x86_64-fedora-clang, r-devel-linux-x86_64-fedora-gcc, r-devel-windows-x86_64, r-devel-windows-x86_64-gcc10-UCRT, r-patched-linux-x86_64, r-patched-solaris-x86, r-release-linux-x86_64, r-release-macos-arm64, r-release-macos-x86_64, r-release-windows-ix86+x86_64