CRAN Package Check Results for Package NetworkChange

Last updated on 2021-07-25 09:50:27 CEST.

Flavor Version Tinstall Tcheck Ttotal Status Flags
r-devel-linux-x86_64-debian-clang 0.7 24.27 171.15 195.42 OK --no-vignettes
r-devel-linux-x86_64-debian-gcc 0.7 19.76 126.75 146.51 OK --no-vignettes
r-devel-linux-x86_64-fedora-clang 0.7 1450.27 NOTE
r-devel-linux-x86_64-fedora-gcc 0.7 1511.56 NOTE
r-devel-windows-x86_64 0.7 26.00 1059.00 1085.00 OK
r-devel-windows-x86_64-gcc10-UCRT 0.7 NOTE --no-vignettes
r-patched-linux-x86_64 0.7 21.20 160.53 181.73 OK --no-vignettes
r-patched-solaris-x86 0.7 1731.50 NOTE
r-release-linux-x86_64 0.7 20.30 160.91 181.21 OK --no-vignettes
r-release-macos-arm64 0.7 NOTE
r-release-macos-x86_64 0.7 NOTE
r-release-windows-ix86+x86_64 0.7 48.00 1052.00 1100.00 OK
r-oldrel-macos-x86_64 0.7 NOTE
r-oldrel-windows-ix86+x86_64 0.7 52.00 1320.00 1372.00 OK

Check Details

Version: 0.7
Check: dependencies in R code
Result: NOTE
    Namespace in Imports field not imported from: ‘sna’
     All declared Imports should be used.
Flavors: r-devel-linux-x86_64-fedora-clang, r-devel-linux-x86_64-fedora-gcc, r-patched-solaris-x86, r-release-macos-arm64, r-release-macos-x86_64, r-oldrel-macos-x86_64

Version: 0.7
Flags: --no-vignettes
Check: dependencies in R code
Result: NOTE
    Namespace in Imports field not imported from: 'sna'
     All declared Imports should be used.
Flavor: r-devel-windows-x86_64-gcc10-UCRT

Version: 0.7
Check: installed package size
Result: NOTE
     installed size is 5.0Mb
     sub-directories of 1Mb or more:
     doc 4.5Mb
Flavor: r-patched-solaris-x86