CRAN Package Check Results for Package NetSci

Last updated on 2021-10-18 09:54:51 CEST.

Flavor Version Tinstall Tcheck Ttotal Status Flags
r-devel-linux-x86_64-debian-clang 0.1.1 5.50 74.55 80.05 OK
r-devel-linux-x86_64-debian-gcc 0.1.1 4.83 54.66 59.49 OK
r-devel-linux-x86_64-fedora-clang 0.1.1 102.80 NOTE
r-devel-linux-x86_64-fedora-gcc 0.1.1 90.03 NOTE
r-devel-windows-x86_64 0.1.1 10.00 97.00 107.00 OK
r-devel-windows-x86_64-gcc10-UCRT 0.1.1 NOTE
r-patched-linux-x86_64 0.1.1 5.71 69.94 75.65 OK
r-patched-solaris-x86 0.1.1 133.70 NOTE
r-release-linux-x86_64 0.1.1 4.67 69.80 74.47 OK
r-release-macos-arm64 0.1.1 ERROR
r-release-macos-x86_64 0.1.1 ERROR
r-release-windows-ix86+x86_64 0.1.1 10.00 96.00 106.00 OK
r-oldrel-macos-x86_64 0.1.1 ERROR
r-oldrel-windows-ix86+x86_64 0.1.1 14.00 97.00 111.00 OK

Check Details

Version: 0.1.1
Check: dependencies in R code
Result: NOTE
    Namespace in Imports field not imported from: ‘CoDiNA’
     All declared Imports should be used.
Flavors: r-devel-linux-x86_64-fedora-clang, r-devel-linux-x86_64-fedora-gcc, r-devel-windows-x86_64-gcc10-UCRT, r-patched-solaris-x86

Version: 0.1.1
Check: package dependencies
Result: ERROR
    Package required but not available: ‘BiRewire’
    
    See section ‘The DESCRIPTION file’ in the ‘Writing R Extensions’
    manual.
Flavors: r-release-macos-arm64, r-release-macos-x86_64, r-oldrel-macos-x86_64