CRAN Package Check Results for Package NPflow

Last updated on 2021-10-27 10:09:53 CEST.

Flavor Version Tinstall Tcheck Ttotal Status Flags
r-devel-linux-x86_64-debian-clang 0.13.3 254.37 130.71 385.08 OK
r-devel-linux-x86_64-debian-gcc 0.13.3 191.99 91.90 283.89 OK
r-devel-linux-x86_64-fedora-clang 0.13.3 611.01 NOTE
r-devel-linux-x86_64-fedora-gcc 0.13.3 523.30 OK
r-devel-windows-x86_64 0.13.3 349.00 175.00 524.00 OK
r-devel-windows-x86_64-gcc10-UCRT 0.13.3 OK
r-patched-linux-x86_64 0.13.3 239.31 119.11 358.42 OK
r-patched-solaris-x86 0.13.3 467.30 OK
r-release-linux-x86_64 0.13.3 231.07 117.12 348.19 OK
r-release-macos-arm64 0.13.3 NOTE
r-release-macos-x86_64 0.13.3 NOTE
r-release-windows-ix86+x86_64 0.13.3 495.00 230.00 725.00 OK
r-oldrel-macos-x86_64 0.13.3 NOTE
r-oldrel-windows-ix86+x86_64 0.13.3 669.00 233.00 902.00 OK

Check Details

Version: 0.13.3
Check: installed package size
Result: NOTE
     installed size is 8.0Mb
     sub-directories of 1Mb or more:
     libs 7.3Mb
Flavors: r-devel-linux-x86_64-fedora-clang, r-release-macos-arm64, r-release-macos-x86_64, r-oldrel-macos-x86_64