CRAN Package Check Results for Package NFCP

Last updated on 2021-09-25 09:53:58 CEST.

Flavor Version Tinstall Tcheck Ttotal Status Flags
r-devel-linux-x86_64-debian-clang 1.2.0 4.61 107.28 111.89 OK
r-devel-linux-x86_64-debian-gcc 1.2.0 3.84 80.24 84.08 OK
r-devel-linux-x86_64-fedora-clang 1.2.0 137.23 NOTE
r-devel-linux-x86_64-fedora-gcc 1.2.0 127.90 NOTE
r-devel-windows-x86_64 1.2.0 6.00 104.00 110.00 OK
r-devel-windows-x86_64-gcc10-UCRT 1.2.0 NOTE
r-patched-linux-x86_64 1.2.0 4.28 101.37 105.65 OK
r-patched-solaris-x86 1.2.0 192.40 NOTE
r-release-linux-x86_64 1.2.0 4.90 101.22 106.12 OK
r-release-macos-arm64 1.2.0 NOTE
r-release-macos-x86_64 1.2.0 NOTE
r-release-windows-ix86+x86_64 1.2.0 8.00 132.00 140.00 OK
r-oldrel-macos-x86_64 1.2.0 NOTE
r-oldrel-windows-ix86+x86_64 1.2.0 9.00 98.00 107.00 OK

Check Details

Version: 1.2.0
Check: dependencies in R code
Result: NOTE
    Namespaces in Imports field not imported from:
     ‘Rdpack’ ‘curl’ ‘mathjaxr’
     All declared Imports should be used.
Flavors: r-devel-linux-x86_64-fedora-clang, r-devel-linux-x86_64-fedora-gcc, r-devel-windows-x86_64-gcc10-UCRT, r-patched-solaris-x86, r-release-macos-arm64, r-release-macos-x86_64, r-oldrel-macos-x86_64