CRAN Package Check Results for Package NEpiC

Last updated on 2021-10-21 09:54:59 CEST.

Flavor Version Tinstall Tcheck Ttotal Status Flags
r-devel-linux-x86_64-debian-clang 1.0.1 5.42 57.60 63.02 OK
r-devel-linux-x86_64-debian-gcc 1.0.1 4.57 43.80 48.37 OK
r-devel-linux-x86_64-fedora-clang 1.0.1 88.32 OK
r-devel-linux-x86_64-fedora-gcc 1.0.1 72.69 OK
r-devel-windows-x86_64 1.0.1 11.00 80.00 91.00 OK
r-devel-windows-x86_64-gcc10-UCRT 1.0.1 ERROR
r-patched-linux-x86_64 1.0.1 5.26 54.04 59.30 OK
r-patched-solaris-x86 1.0.1 109.80 OK
r-release-linux-x86_64 1.0.1 5.46 53.97 59.43 OK
r-release-macos-arm64 1.0.1 OK
r-release-macos-x86_64 1.0.1 OK
r-release-windows-ix86+x86_64 1.0.1 12.00 77.00 89.00 OK
r-oldrel-macos-x86_64 1.0.1 OK
r-oldrel-windows-ix86+x86_64 1.0.1 17.00 78.00 95.00 OK

Check Details

Version: 1.0.1
Check: package dependencies
Result: ERROR
    Package required but not available: 'igraph'
    
    See section 'The DESCRIPTION file' in the 'Writing R Extensions'
    manual.
Flavor: r-devel-windows-x86_64-gcc10-UCRT