CRAN Package Check Results for Package NAM

Last updated on 2021-11-30 10:51:13 CET.

Flavor Version Tinstall Tcheck Ttotal Status Flags
r-devel-linux-x86_64-debian-clang 1.7.3 49.65 79.42 129.07 OK
r-devel-linux-x86_64-debian-gcc 1.7.3 33.97 59.12 93.09 OK
r-devel-linux-x86_64-fedora-clang 1.7.3 198.03 NOTE
r-devel-linux-x86_64-fedora-gcc 1.7.3 159.82 OK
r-devel-windows-x86_64-new-UL 1.7.3 62.00 140.00 202.00 OK
r-devel-windows-x86_64-new-TK 1.7.3 OK
r-devel-windows-x86_64-old 1.7.3 56.00 79.00 135.00 OK
r-patched-linux-x86_64 1.7.3 38.72 77.54 116.26 OK
r-patched-solaris-x86 1.7.3 177.90 OK
r-release-linux-x86_64 1.7.3 38.14 77.55 115.69 OK
r-release-macos-arm64 1.7.3 NOTE
r-release-macos-x86_64 1.7.3 NOTE
r-release-windows-ix86+x86_64 1.7.3 99.00 120.00 219.00 OK
r-oldrel-macos-x86_64 1.7.3 NOTE
r-oldrel-windows-ix86+x86_64 1.7.3 67.00 105.00 172.00 OK

Check Details

Version: 1.7.3
Check: installed package size
Result: NOTE
     installed size is 6.9Mb
     sub-directories of 1Mb or more:
     libs 4.7Mb
Flavors: r-devel-linux-x86_64-fedora-clang, r-release-macos-arm64, r-release-macos-x86_64, r-oldrel-macos-x86_64