CRAN Package Check Results for Package N2R

Last updated on 2021-10-18 09:54:51 CEST.

Flavor Version Tinstall Tcheck Ttotal Status Flags
r-devel-linux-x86_64-debian-clang 0.1.1 81.42 63.57 144.99 NOTE
r-devel-linux-x86_64-debian-gcc 0.1.1 65.31 49.59 114.90 NOTE
r-devel-windows-x86_64 0.1.1 115.00 97.00 212.00 NOTE
r-devel-windows-x86_64-gcc10-UCRT 0.1.1 NOTE
r-patched-linux-x86_64 0.1.1 82.37 59.99 142.36 NOTE
r-release-linux-x86_64 0.1.1 83.59 60.76 144.35 NOTE
r-release-macos-arm64 0.1.1 ERROR
r-release-macos-x86_64 0.1.1 NOTE
r-release-windows-ix86+x86_64 0.1.1 156.00 129.00 285.00 NOTE
r-oldrel-macos-x86_64 0.1.1 NOTE
r-oldrel-windows-ix86+x86_64 0.1.1 222.00 130.00 352.00 NOTE

Check Details

Version: 0.1.1
Check: for GNU extensions in Makefiles
Result: NOTE
    GNU make is a SystemRequirements.
Flavors: r-devel-linux-x86_64-debian-clang, r-devel-linux-x86_64-debian-gcc, r-devel-windows-x86_64, r-devel-windows-x86_64-gcc10-UCRT, r-patched-linux-x86_64, r-release-linux-x86_64, r-release-macos-x86_64, r-release-windows-ix86+x86_64, r-oldrel-macos-x86_64, r-oldrel-windows-ix86+x86_64

Version: 0.1.1
Check: whether package can be installed
Result: ERROR
    Installation failed.
Flavor: r-release-macos-arm64

Version: 0.1.1
Check: installed package size
Result: NOTE
     installed size is 6.2Mb
     sub-directories of 1Mb or more:
     libs 6.1Mb
Flavors: r-release-macos-x86_64, r-oldrel-macos-x86_64