CRAN Package Check Results for Package MultEq

Last updated on 2021-12-07 10:50:28 CET.

Flavor Version Tinstall Tcheck Ttotal Status Flags
r-devel-linux-x86_64-debian-clang 2.3 2.31 32.49 34.80 NOTE
r-devel-linux-x86_64-debian-gcc 2.3 2.23 25.48 27.71 NOTE
r-devel-linux-x86_64-fedora-clang 2.3 43.99 NOTE
r-devel-linux-x86_64-fedora-gcc 2.3 33.17 NOTE
r-devel-windows-x86_64-new-UL 2.3 6.00 59.00 65.00 NOTE
r-devel-windows-x86_64-new-TK 2.3 NOTE
r-devel-windows-x86_64-old 2.3 5.00 44.00 49.00 NOTE
r-patched-linux-x86_64 2.3 2.69 31.09 33.78 NOTE
r-release-linux-x86_64 2.3 2.15 31.40 33.55 NOTE
r-release-macos-arm64 2.3 NOTE
r-release-macos-x86_64 2.3 NOTE
r-release-windows-ix86+x86_64 2.3 5.00 40.00 45.00 NOTE
r-oldrel-macos-x86_64 2.3 NOTE
r-oldrel-windows-ix86+x86_64 2.3 5.00 38.00 43.00 NOTE

Check Details

Version: 2.3
Check: R code for possible problems
Result: NOTE
    multeq.diff: no visible global function definition for 'cov'
    multeq.diff: no visible global function definition for 'pt'
    multeq.diff: no visible global function definition for 'qt'
    multeq.rat: no visible global function definition for 'cov'
    multeq.rat: no visible global function definition for 'pt'
    multeq.rat: no visible global function definition for 'qt'
    Undefined global functions or variables:
     cov pt qt
    Consider adding
     importFrom("stats", "cov", "pt", "qt")
    to your NAMESPACE file.
Flavors: r-devel-linux-x86_64-debian-clang, r-devel-linux-x86_64-debian-gcc, r-devel-linux-x86_64-fedora-clang, r-devel-linux-x86_64-fedora-gcc, r-devel-windows-x86_64-new-UL, r-devel-windows-x86_64-new-TK, r-devel-windows-x86_64-old, r-patched-linux-x86_64, r-release-linux-x86_64, r-release-macos-arm64, r-release-macos-x86_64, r-release-windows-ix86+x86_64, r-oldrel-macos-x86_64, r-oldrel-windows-ix86+x86_64