CRAN Package Check Results for Package MplusAutomation

Last updated on 2021-09-19 09:50:27 CEST.

Flavor Version Tinstall Tcheck Ttotal Status Flags
r-devel-linux-x86_64-debian-clang 1.0.0 41.29 134.73 176.02 OK
r-devel-linux-x86_64-debian-gcc 1.0.0 35.37 98.74 134.11 OK
r-devel-linux-x86_64-fedora-clang 1.0.0 221.91 OK
r-devel-linux-x86_64-fedora-gcc 1.0.0 210.64 OK
r-devel-windows-x86_64 1.0.0 49.00 135.00 184.00 OK
r-devel-windows-x86_64-gcc10-UCRT 1.0.0 ERROR
r-patched-linux-x86_64 1.0.0 44.25 126.68 170.93 OK
r-patched-solaris-x86 1.0.0 264.10 OK
r-release-linux-x86_64 1.0.0 39.29 126.04 165.33 OK
r-release-macos-arm64 1.0.0 OK
r-release-macos-x86_64 1.0.0 OK
r-release-windows-ix86+x86_64 1.0.0 72.00 178.00 250.00 OK
r-oldrel-macos-x86_64 1.0.0 OK
r-oldrel-windows-ix86+x86_64 1.0.0 72.00 184.00 256.00 OK

Check Details

Version: 1.0.0
Check: whether package can be installed
Result: WARN
    Found the following significant warnings:
     WARNING: installation-time patches will not be applied, could not get the patches index
Flavor: r-devel-windows-x86_64-gcc10-UCRT

Version: 1.0.0
Check: PDF version of manual
Result: WARN
    LaTeX errors when creating PDF version.
    This typically indicates Rd problems.
Flavor: r-devel-windows-x86_64-gcc10-UCRT

Version: 1.0.0
Check: PDF version of manual without hyperrefs or index
Result: ERROR
    Re-running with no redirection of stdout/stderr.
Flavor: r-devel-windows-x86_64-gcc10-UCRT