CRAN Package Check Results for Package MonetDB.R

Last updated on 2021-09-19 09:50:27 CEST.

Flavor Version Tinstall Tcheck Ttotal Status Flags
r-devel-linux-x86_64-debian-clang 2.0.0 6.22 33.43 39.65 OK
r-devel-linux-x86_64-debian-gcc 2.0.0 4.64 26.02 30.66 OK
r-devel-linux-x86_64-fedora-clang 2.0.0 56.01 NOTE
r-devel-linux-x86_64-fedora-gcc 2.0.0 44.88 NOTE
r-devel-windows-x86_64 2.0.0 10.00 38.00 48.00 OK
r-devel-windows-x86_64-gcc10-UCRT 2.0.0 ERROR
r-patched-linux-x86_64 2.0.0 4.71 32.25 36.96 OK
r-patched-solaris-x86 2.0.0 71.70 NOTE
r-release-linux-x86_64 2.0.0 4.23 32.11 36.34 OK
r-release-macos-arm64 2.0.0 NOTE
r-release-macos-x86_64 2.0.0 NOTE
r-release-windows-ix86+x86_64 2.0.0 16.00 60.00 76.00 OK
r-oldrel-macos-x86_64 2.0.0 NOTE
r-oldrel-windows-ix86+x86_64 2.0.0 18.00 46.00 64.00 OK

Check Details

Version: 2.0.0
Check: dependencies in R code
Result: NOTE
    Namespace in Imports field not imported from: ‘testthat’
     All declared Imports should be used.
Flavors: r-devel-linux-x86_64-fedora-clang, r-devel-linux-x86_64-fedora-gcc, r-patched-solaris-x86, r-release-macos-arm64, r-release-macos-x86_64, r-oldrel-macos-x86_64

Version: 2.0.0
Check: whether package can be installed
Result: ERROR
    Installation failed.
Flavor: r-devel-windows-x86_64-gcc10-UCRT