CRAN Package Check Results for Package MixSim

Last updated on 2021-09-22 09:52:35 CEST.

Flavor Version Tinstall Tcheck Ttotal Status Flags
r-devel-linux-x86_64-debian-clang 1.1-4 8.22 28.98 37.20 NOTE
r-devel-linux-x86_64-debian-gcc 1.1-4 5.84 22.01 27.85 NOTE
r-devel-linux-x86_64-fedora-clang 1.1-4 53.35 NOTE
r-devel-linux-x86_64-fedora-gcc 1.1-4 43.21 NOTE
r-devel-windows-x86_64 1.1-4 14.00 33.00 47.00 NOTE
r-devel-windows-x86_64-gcc10-UCRT 1.1-4 ERROR
r-patched-linux-x86_64 1.1-4 6.60 27.75 34.35 NOTE
r-patched-solaris-x86 1.1-4 61.80 NOTE
r-release-linux-x86_64 1.1-4 6.47 27.57 34.04 NOTE
r-release-macos-arm64 1.1-4 NOTE
r-release-macos-x86_64 1.1-4 NOTE
r-release-windows-ix86+x86_64 1.1-4 24.00 52.00 76.00 NOTE
r-oldrel-macos-x86_64 1.1-4 OK
r-oldrel-windows-ix86+x86_64 1.1-4 37.00 44.00 81.00 OK

Check Details

Version: 1.1-4
Check: LazyData
Result: NOTE
     'LazyData' is specified without a 'data' directory
Flavors: r-devel-linux-x86_64-debian-clang, r-devel-linux-x86_64-debian-gcc, r-devel-linux-x86_64-fedora-clang, r-devel-linux-x86_64-fedora-gcc, r-devel-windows-x86_64, r-patched-linux-x86_64, r-patched-solaris-x86, r-release-linux-x86_64, r-release-macos-arm64, r-release-macos-x86_64, r-release-windows-ix86+x86_64

Version: 1.1-4
Check: whether package can be installed
Result: ERROR
    Installation failed.
Flavor: r-devel-windows-x86_64-gcc10-UCRT