Last updated on 2024-03-28 10:49:40 CET.
Flavor | Version | Tinstall | Tcheck | Ttotal | Status | Flags |
---|---|---|---|---|---|---|
r-devel-linux-x86_64-debian-clang | 0.2.6 | 65.45 | 80.13 | 145.58 | NOTE | |
r-devel-linux-x86_64-debian-gcc | 0.2.6 | 52.14 | 59.50 | 111.64 | NOTE | |
r-devel-linux-x86_64-fedora-clang | 0.2.6 | 208.45 | NOTE | |||
r-devel-linux-x86_64-fedora-gcc | 0.2.6 | 216.32 | NOTE | |||
r-devel-windows-x86_64 | 0.2.6 | 51.00 | 104.00 | 155.00 | NOTE | |
r-patched-linux-x86_64 | 0.2.6 | 64.30 | 79.83 | 144.13 | NOTE | |
r-release-linux-x86_64 | 0.2.6 | 63.69 | 76.10 | 139.79 | NOTE | |
r-release-macos-arm64 | 0.2.6 | 67.00 | NOTE | |||
r-release-macos-x86_64 | 0.2.6 | 98.00 | NOTE | |||
r-release-windows-x86_64 | 0.2.6 | 66.00 | 124.00 | 190.00 | NOTE | |
r-oldrel-macos-arm64 | 0.2.6 | 49.00 | OK | |||
r-oldrel-windows-x86_64 | 0.2.6 | 61.00 | 128.00 | 189.00 | OK |
Version: 0.2.6
Check: C++ specification
Result: NOTE
Specified C++11: please drop specification unless essential
Flavors: r-devel-linux-x86_64-debian-clang, r-devel-linux-x86_64-debian-gcc, r-devel-linux-x86_64-fedora-clang, r-devel-linux-x86_64-fedora-gcc, r-devel-windows-x86_64, r-patched-linux-x86_64, r-release-linux-x86_64, r-release-macos-arm64, r-release-macos-x86_64, r-release-windows-x86_64