CRAN Package Check Results for Package MinEDfind

Last updated on 2021-08-01 09:50:30 CEST.

Flavor Version Tinstall Tcheck Ttotal Status Flags
r-devel-linux-x86_64-debian-clang 0.1.3 4.90 53.69 58.59 NOTE
r-devel-linux-x86_64-debian-gcc 0.1.3 3.72 40.45 44.17 NOTE
r-devel-linux-x86_64-fedora-clang 0.1.3 78.91 NOTE
r-devel-linux-x86_64-fedora-gcc 0.1.3 65.73 NOTE
r-devel-windows-x86_64 0.1.3 7.00 75.00 82.00 NOTE
r-devel-windows-x86_64-gcc10-UCRT 0.1.3 NOTE
r-patched-linux-x86_64 0.1.3 NOTE
r-patched-solaris-x86 0.1.3 95.10 NOTE
r-release-linux-x86_64 0.1.3 4.74 50.14 54.88 NOTE
r-release-macos-arm64 0.1.3 NOTE
r-release-macos-x86_64 0.1.3 NOTE
r-release-windows-ix86+x86_64 0.1.3 14.00 52.00 66.00 NOTE
r-oldrel-macos-x86_64 0.1.3 OK
r-oldrel-windows-ix86+x86_64 0.1.3 10.00 71.00 81.00 OK

Check Details

Version: 0.1.3
Check: LazyData
Result: NOTE
     'LazyData' is specified without a 'data' directory
Flavors: r-devel-linux-x86_64-debian-clang, r-devel-linux-x86_64-debian-gcc, r-devel-linux-x86_64-fedora-clang, r-devel-linux-x86_64-fedora-gcc, r-devel-windows-x86_64, r-devel-windows-x86_64-gcc10-UCRT, r-patched-linux-x86_64, r-patched-solaris-x86, r-release-linux-x86_64, r-release-macos-arm64, r-release-macos-x86_64, r-release-windows-ix86+x86_64