Last updated on 2024-04-24 10:23:00 CEST.
Flavor | Version | Tinstall | Tcheck | Ttotal | Status | Flags |
---|---|---|---|---|---|---|
r-devel-linux-x86_64-debian-clang | 1.0 | 42.08 | 107.02 | 149.10 | OK | |
r-devel-linux-x86_64-debian-gcc | 1.0 | 36.49 | 77.50 | 113.99 | OK | |
r-devel-linux-x86_64-fedora-clang | 1.0 | 193.84 | NOTE | |||
r-devel-linux-x86_64-fedora-gcc | 1.0 | 202.56 | NOTE | |||
r-devel-windows-x86_64 | 1.0 | 36.00 | 110.00 | 146.00 | OK | |
r-patched-linux-x86_64 | 1.0 | 46.71 | 101.32 | 148.03 | OK | |
r-release-linux-x86_64 | 1.0 | 41.50 | 101.93 | 143.43 | OK | |
r-release-macos-arm64 | 1.0 | 65.00 | OK | |||
r-release-windows-x86_64 | 1.0 | 47.00 | 132.00 | 179.00 | OK | |
r-oldrel-macos-arm64 | 1.0 | 63.00 | OK | |||
r-oldrel-macos-x86_64 | 1.0 | 115.00 | OK | |||
r-oldrel-windows-x86_64 | 1.0 | 45.00 | 137.00 | 182.00 | OK |
Version: 1.0
Check: compiled code
Result: NOTE
File ‘MiSPU/libs/MiSPU.so’:
Found no calls to: ‘R_registerRoutines’, ‘R_useDynamicSymbols’
It is good practice to register native routines and to disable symbol
search.
See ‘Writing portable packages’ in the ‘Writing R Extensions’ manual.
Flavors: r-devel-linux-x86_64-fedora-clang, r-devel-linux-x86_64-fedora-gcc