CRAN Package Check Results for Package MetaLandSim

Last updated on 2021-10-19 09:54:18 CEST.

Flavor Version Tinstall Tcheck Ttotal Status Flags
r-devel-linux-x86_64-debian-clang 1.0.8 55.14 442.14 497.28 OK
r-devel-linux-x86_64-debian-gcc 1.0.8 38.56 332.46 371.02 OK
r-devel-linux-x86_64-fedora-clang 1.0.8 620.07 NOTE
r-devel-linux-x86_64-fedora-gcc 1.0.8 595.01 NOTE
r-devel-windows-x86_64 1.0.8 66.00 504.00 570.00 OK
r-devel-windows-x86_64-gcc10-UCRT 1.0.8 NOTE
r-patched-linux-x86_64 1.0.8 60.61 440.77 501.38 OK
r-patched-solaris-x86 1.0.8 756.80 NOTE
r-release-linux-x86_64 1.0.8 52.97 442.40 495.37 OK
r-release-macos-arm64 1.0.8 NOTE
r-release-macos-x86_64 1.0.8 NOTE
r-release-windows-ix86+x86_64 1.0.8 64.00 504.00 568.00 OK
r-oldrel-macos-x86_64 1.0.8 NOTE
r-oldrel-windows-ix86+x86_64 1.0.8 63.00 393.00 456.00 OK

Check Details

Version: 1.0.8
Check: dependencies in R code
Result: NOTE
    Namespace in Imports field not imported from: ‘knitr’
     All declared Imports should be used.
Flavors: r-devel-linux-x86_64-fedora-clang, r-devel-linux-x86_64-fedora-gcc, r-devel-windows-x86_64-gcc10-UCRT, r-patched-solaris-x86, r-release-macos-arm64, r-release-macos-x86_64, r-oldrel-macos-x86_64