CRAN Package Check Results for Package MetaClean

Last updated on 2021-10-20 09:55:14 CEST.

Flavor Version Tinstall Tcheck Ttotal Status Flags
r-devel-linux-x86_64-debian-clang 1.0.0 41.41 396.32 437.73 OK
r-devel-linux-x86_64-debian-gcc 1.0.0 38.35 300.73 339.08 OK
r-devel-linux-x86_64-fedora-clang 1.0.0 537.53 NOTE
r-devel-linux-x86_64-fedora-gcc 1.0.0 524.04 NOTE
r-devel-windows-x86_64 1.0.0 68.00 457.00 525.00 OK
r-devel-windows-x86_64-gcc10-UCRT 1.0.0 NOTE
r-patched-linux-x86_64 1.0.0 42.08 381.31 423.39 OK
r-release-linux-x86_64 1.0.0 42.08 378.65 420.73 OK
r-release-macos-arm64 1.0.0 NOTE
r-release-macos-x86_64 1.0.0 ERROR
r-release-windows-ix86+x86_64 1.0.0 107.00 435.00 542.00 OK
r-oldrel-macos-x86_64 1.0.0 NOTE
r-oldrel-windows-ix86+x86_64 1.0.0 111.00 441.00 552.00 OK

Check Details

Version: 1.0.0
Check: dependencies in R code
Result: NOTE
    Namespaces in Imports field not imported from:
     ‘BiocStyle’ ‘Rgraphviz’ ‘fastAdaboost’ ‘graph’ ‘kernlab’ ‘klaR’
     ‘knitr’ ‘randomForest’ ‘reshape2’ ‘rpart’ ‘tools’
     All declared Imports should be used.
Flavors: r-devel-linux-x86_64-fedora-clang, r-devel-linux-x86_64-fedora-gcc, r-devel-windows-x86_64-gcc10-UCRT, r-release-macos-arm64, r-oldrel-macos-x86_64

Version: 1.0.0
Check: whether package can be installed
Result: ERROR
    Installation failed.
Flavor: r-release-macos-x86_64