Last updated on 2024-05-11 09:51:26 CEST.
Flavor | Version | Tinstall | Tcheck | Ttotal | Status | Flags |
---|---|---|---|---|---|---|
r-devel-linux-x86_64-debian-clang | 0.2.1 | 39.15 | 75.99 | 115.14 | NOTE | |
r-devel-linux-x86_64-debian-gcc | 0.2.1 | 29.65 | 54.72 | 84.37 | NOTE | |
r-devel-linux-x86_64-fedora-clang | 0.2.1 | 151.22 | NOTE | |||
r-devel-linux-x86_64-fedora-gcc | 0.2.1 | 212.46 | NOTE | |||
r-devel-windows-x86_64 | 0.2.1 | 31.00 | 88.00 | 119.00 | NOTE | |
r-patched-linux-x86_64 | 0.2.1 | 38.20 | 69.83 | 108.03 | NOTE | |
r-release-linux-x86_64 | 0.2.1 | 34.28 | 69.11 | 103.39 | NOTE | |
r-release-macos-arm64 | 0.2.1 | 47.00 | NOTE | |||
r-release-windows-x86_64 | 0.2.1 | 33.00 | 87.00 | 120.00 | NOTE | |
r-oldrel-macos-arm64 | 0.2.1 | 49.00 | NOTE | |||
r-oldrel-macos-x86_64 | 0.2.1 | 78.00 | NOTE | |||
r-oldrel-windows-x86_64 | 0.2.1 | 39.00 | 105.00 | 144.00 | NOTE |
Version: 0.2.1
Check: LazyData
Result: NOTE
'LazyData' is specified without a 'data' directory
Flavors: r-devel-linux-x86_64-debian-clang, r-devel-linux-x86_64-debian-gcc, r-devel-linux-x86_64-fedora-clang, r-devel-linux-x86_64-fedora-gcc, r-devel-windows-x86_64, r-patched-linux-x86_64, r-release-linux-x86_64, r-release-macos-arm64, r-release-windows-x86_64, r-oldrel-macos-arm64, r-oldrel-macos-x86_64, r-oldrel-windows-x86_64