CRAN Package Check Results for Package MSEtool

Last updated on 2021-07-25 09:50:26 CEST.

Flavor Version Tinstall Tcheck Ttotal Status Flags
r-devel-linux-x86_64-debian-clang 3.1.1 146.58 235.38 381.96 OK
r-devel-linux-x86_64-debian-gcc 3.1.1 100.26 169.48 269.74 OK
r-devel-linux-x86_64-fedora-clang 3.1.1 482.59 NOTE
r-devel-linux-x86_64-fedora-gcc 3.1.1 495.45 OK
r-devel-windows-x86_64 3.1.1 131.00 188.00 319.00 NOTE
r-devel-windows-x86_64-gcc10-UCRT 3.1.1 OK
r-patched-linux-x86_64 3.1.1 123.63 222.36 345.99 OK
r-patched-solaris-x86 3.1.1 438.60 NOTE
r-release-linux-x86_64 3.1.1 117.00 221.71 338.71 OK
r-release-macos-arm64 3.0.2 NOTE
r-release-macos-x86_64 3.1.1 NOTE
r-release-windows-ix86+x86_64 3.1.1 286.00 281.00 567.00 NOTE
r-oldrel-macos-x86_64 3.1.1 NOTE
r-oldrel-windows-ix86+x86_64 3.1.1 296.00 287.00 583.00 NOTE

Check Details

Version: 3.1.1
Check: installed package size
Result: NOTE
     installed size is 10.0Mb
     sub-directories of 1Mb or more:
     R 1.6Mb
     data 4.0Mb
     libs 3.6Mb
Flavors: r-devel-linux-x86_64-fedora-clang, r-devel-windows-x86_64, r-patched-solaris-x86, r-release-macos-x86_64, r-release-windows-ix86+x86_64, r-oldrel-macos-x86_64, r-oldrel-windows-ix86+x86_64

Version: 3.0.2
Check: installed package size
Result: NOTE
     installed size is 10.5Mb
     sub-directories of 1Mb or more:
     R 2.1Mb
     data 3.9Mb
     libs 3.8Mb
Flavor: r-release-macos-arm64